Vremenska postaja Krtina

46.1507 N| 14.658 E| 316 m | Prikaži na zemljevidu

Vreme na kratko
10,4°C 70% 1025 mbar 0,0 km/h 0,0 km/h 0,0 mm
-1,2°C/h 3%/h -0 mbar/h N/A ( N/A) N/A ( N/A) 0,0 mm/h

20. 10. 2020 22:00:00 CEST

Vremenska statistika za 08-2018

Vremenska postaja:Froggit WH4000
Programska oprema:weewx v3.9.2
WeeWX aktiven:139 d, 8 h, 24 min
Strežnik aktiven:139 d, 8 h, 8 min
                   MONTHLY CLIMATOLOGICAL SUMMARY for avg 2018


NAME: Krtina, Dob, Slovenija                  
ELEV: 316 m    LAT: 46-09.05 N    LONG: 014-39.48 E


                   TEMPERATURE (°C), RAIN (mm), WIND SPEED (km/h)

                                         HEAT   COOL         AVG
      MEAN                               DEG    DEG          WIND                   DOM
DAY   TEMP   HIGH   TIME    LOW   TIME   DAYS   DAYS   RAIN  SPEED   HIGH   TIME    DIR
---------------------------------------------------------------------------------------
 01   25,2   33,6  16:31   18,3  06:07    0,0    4,0    0,0    1,0   12,2  12:55    203
 02   23,6   30,8  15:47   19,1  06:05    0,0    3,1    0,3    1,6   14,8  13:19    197
 03   23,7   32,5  16:53   18,7  05:27    0,0    3,2    1,8    1,7   18,4  14:53    197
 04   24,3   32,4  15:55   17,5  06:12    0,0    3,5    0,0    1,5   14,8  12:06    200
 05   23,7   33,1  16:26   17,2  06:25    0,0    3,2    2,7    0,9   12,2  14:23    205
 06   25,1   33,2  17:08   18,6  06:14    0,0    3,9    0,0    0,8   11,2  18:44    208
 07   25,7   33,4  16:07   19,2  06:35    0,0    4,3    0,0    1,0   12,2  16:51    203
 08   25,6   34,7  15:34   18,8  06:55    0,0    4,2    0,0    0,7    8,6  15:32    202
 09   25,5   35,2  16:15   18,2  06:20    0,0    4,2    0,0    0,8   12,2  17:53    200
 10   24,4   31,8  15:44   17,7  06:21    0,0    3,6    0,0    1,2   18,4  16:38    205
 11   23,7   28,9  15:29   20,6  05:54    0,0    3,2    0,0    2,1   15,8  15:53    202
 12   23,4   29,6  15:45   18,9  03:26    0,0    3,0    0,0    1,3   14,8  13:20    207
 13   23,4   32,5  15:38   16,1  06:11    0,0    3,0    0,0    1,0   13,3  14:09    241
 14   20,9   24,0  16:28   19,0  08:31    0,0    1,6   10,2    1,1   11,2  14:05    198
 15   21,6   27,3  12:53   17,9  06:09    0,0    2,0    0,0    1,2   13,3  17:10    199
 16   21,1   29,2  15:37   14,0  06:59    0,0    1,7    0,0    1,8   15,8  12:39    202
 17   21,6   30,6  16:36   13,8  06:08    0,0    2,0    0,0    1,0   13,3  14:16    205
 18   23,0   31,9  15:27   15,6  06:40    0,0    2,8    0,0    1,6   15,8  12:48    202
 19   23,2   32,1  16:13   15,7  06:22    0,0    2,9    0,0    1,1   13,3  12:39    206
 20   23,4   33,4  16:24   15,6  06:32    0,0    3,0    0,0    0,9   17,3  15:07    206
 21   24,1   34,2  15:59   16,5  06:37    0,0    3,4    0,0    1,2   12,2  14:43    202
 22   23,9   32,5  16:48   16,5  06:33    0,0    3,3    0,0    1,2   13,3  15:21    202
 23   24,2   33,3  15:05   16,9  06:36    0,0    3,4    0,0    1,1   13,3  13:05    202
 24   21,0   31,7  13:53   16,5  06:46    0,0    1,7    3,3    0,6   13,3  15:21    199
 25   17,8   19,7  13:51   14,8  23:56    0,1    0,0   36,6    1,0   15,8  22:35    191
 26   13,0   14,8  00:00   12,1  08:07    2,8    0,0   26,7    0,2    9,7  01:02    192
 27   16,4   24,5  16:15   11,6  07:07    0,9    0,0    0,6    0,9   11,2  14:45    196
 28   18,0   28,0  16:06   10,5  06:51    0,0    0,0    0,0    0,7    8,6  16:14    191
 29   19,0   28,4  15:52   11,6  06:25    0,0    0,6    0,0    1,0   11,2  13:51    199
 30   19,7   29,0  16:21   12,2  06:52    0,0    0,9    0,6    0,7   12,2  13:37    201
 31   18,2   20,3  14:08   16,8  06:37    0,0    0,1   10,5    0,2    5,0  12:18     43
---------------------------------------------------------------------------------------
      22,2   35,2     09   10,5     28    3,8   75,7   93,3    1,1   18,4     03    201
    
Tropske noči (Tmin >= 20): 1
Vroči dnevi (Tmax >= 30): 19
Topli dnevi (Tmax >= 25): 26
Hladni dnevi (Tmin < 0): 0
Ledeni dnevi (Tmax < 0): 0