Vremenska postaja Krtina

46.1507 N| 14.658 E| 316 m | Prikaži na zemljevidu

Vreme na kratko
11,0°C 69% 1025 mbar 0,0 km/h 0,0 km/h 0,0 mm
N/A/h N/A/h N/A/h N/A ( N/A) N/A ( N/A) 0,0 mm/h

20. 10. 2020 21:30:00 CEST

Vremenska statistika za 09-2018

Vremenska postaja:Froggit WH4000
Programska oprema:weewx v3.9.2
WeeWX aktiven:139 d, 7 h, 54 min
Strežnik aktiven:139 d, 7 h, 38 min
                   MONTHLY CLIMATOLOGICAL SUMMARY for sep 2018


NAME: Krtina, Dob, Slovenija                  
ELEV: 316 m    LAT: 46-09.05 N    LONG: 014-39.48 E


                   TEMPERATURE (°C), RAIN (mm), WIND SPEED (km/h)

                                         HEAT   COOL         AVG
      MEAN                               DEG    DEG          WIND                   DOM
DAY   TEMP   HIGH   TIME    LOW   TIME   DAYS   DAYS   RAIN  SPEED   HIGH   TIME    DIR
---------------------------------------------------------------------------------------
 01   17,3   19,2  12:30   16,0  22:58    0,4    0,0   25,5    0,4   11,2  09:35    158
 02   18,1   24,5  16:21   14,2  04:54    0,0    0,1    0,9    1,0   15,8  14:52    198
 03   17,3   18,8  15:57   16,2  07:29    0,4    0,0   30,3    0,1    5,0  14:25    212
 04   18,7   25,2  16:14   15,4  07:08    0,0    0,4    0,9    0,2    7,2  12:47    199
 05   20,2   27,2  16:35   16,2  04:58    0,0    1,2    0,0    0,6    8,6  16:14    194
 06   19,7   28,1  15:50   14,5  06:20    0,0    1,0    0,3    0,7   11,2  19:28    194
 07   18,4   26,7  14:29   14,8  06:07    0,0    0,2   10,8    0,5    9,7  16:14    205
 08   19,5   25,9  15:14   16,0  23:59    0,0    0,9    0,3    0,6    9,7  12:26    201
 09   19,2   28,5  16:54   12,8  06:18    0,0    0,7    0,0    0,5    6,1  13:29    198
 10   20,1   29,0  16:05   13,7  07:03    0,0    1,2    0,0    0,5    8,6  14:44    191
 11   20,5   30,0  16:43   14,5  06:54    0,0    1,4    0,0    0,4    5,0  10:46    183
 12   20,4   31,0  16:36   13,4  07:01    0,0    1,3    0,0    0,4    6,1  12:24    196
 13   20,3   29,0  16:08   14,5  06:45    0,0    1,3    0,0    0,4    6,1  15:28    193
 14   19,8   28,2  15:33   13,9  06:39    0,0    1,0   29,7    0,6    8,6  14:32    204
 15   19,1   25,5  16:49   16,2  05:11    0,0    0,6    0,6    0,3    6,1  14:54    190
 16   19,2   27,5  16:52   13,8  06:20    0,0    0,7    0,0    0,6    8,6  14:40    200
 17   19,4   28,8  16:54   13,3  06:31    0,0    0,8    0,0    0,4    6,1  14:23    201
 18   20,2   28,6  16:18   14,4  07:09    0,0    1,2    0,3    0,7    9,7  12:43    202
 19
 20   23,1   27,9  15:03   16,8  23:59    0,0    2,8    0,0    0,9   11,2  13:45    207
 21   19,6   28,9  15:54   13,5  06:55    0,0    0,9    0,0    0,4    6,1  17:43    141
 22   14,1   18,4  09:29   11,4  20:55    2,2    0,0    8,7    1,3   20,9  12:05    190
 23   12,5   14,5  18:22   11,1  07:24    3,0    0,0    0,9    0,2    5,0  14:40    177
 24   13,7   17,2  15:11    6,6  23:54    2,4    0,0   38,1    2,9   23,4  11:05    193
 25    8,8   16,8  14:41    3,7  05:29    5,1    0,0    0,0    2,0   18,4  11:57    193
 26    8,7   18,2  15:58    1,9  07:09    5,2    0,0    0,0    1,0   14,8  12:02    204
 27   10,4   22,8  16:51    2,4  06:59    4,2    0,0    0,0    0,3    5,0  12:59    185
 28   12,5   24,8  16:31    4,7  07:07    3,1    0,0    0,0    0,4   12,2  15:37    202
 29   12,6   20,7  14:57    7,7  04:09    3,0    0,0    0,0    1,8   14,8  13:25    201
 30    9,6   18,6  15:44    3,0  07:23    4,7    0,0    0,0    1,1   12,2  13:47    201
---------------------------------------------------------------------------------------
      16,9   31,0     12    1,9     26   33,6   17,6  147,3    0,7   23,4     24    196
    
Tropske noči (Tmin >= 20): 0
Vroči dnevi (Tmax >= 30): 2
Topli dnevi (Tmax >= 25): 17
Hladni dnevi (Tmin < 0): 0
Ledeni dnevi (Tmax < 0): 0