Vremenska postaja Krtina

46.1507 N| 14.658 E| 316 m | Prikaži na zemljevidu

Vreme na kratko
10,7°C 70% 1025 mbar 0,0 km/h 1,1 km/h 0,0 mm
-1,2°C/h 2%/h -0 mbar/h N/A ( N/A) N/A ( N/A) 0,0 mm/h

20. 10. 2020 21:50:00 CEST

Vremenska statistika za 11-2018

Vremenska postaja:Froggit WH4000
Programska oprema:weewx v3.9.2
WeeWX aktiven:139 d, 8 h, 14 min
Strežnik aktiven:139 d, 7 h, 58 min
                   MONTHLY CLIMATOLOGICAL SUMMARY for nov 2018


NAME: Krtina, Dob, Slovenija                  
ELEV: 316 m    LAT: 46-09.05 N    LONG: 014-39.48 E


                   TEMPERATURE (°C), RAIN (mm), WIND SPEED (km/h)

                                         HEAT   COOL         AVG
      MEAN                               DEG    DEG          WIND                   DOM
DAY   TEMP   HIGH   TIME    LOW   TIME   DAYS   DAYS   RAIN  SPEED   HIGH   TIME    DIR
---------------------------------------------------------------------------------------
 01    9,2   11,1  13:29    6,1  02:55    4,9    0,0    7,2    0,1    5,0  13:35    191
 02   12,4   13,7  13:47   10,8  05:30    3,1    0,0   10,2    0,1    3,6  09:07    197
 03   14,1   16,3  12:05   11,5  23:42    2,1    0,0    0,6    0,1    5,0  09:34    162
 04   14,2   16,5  13:20   11,5  00:00    2,1    0,0    0,0    0,1    3,6  00:21    150
 05   13,6   15,3  14:55   11,9  07:45    2,5    0,0    0,3    0,0    2,5  04:49    175
 06   13,3   14,7  15:00   12,6  04:57    2,6    0,0    5,1    0,0    2,5  07:58    175
 07   13,0   15,4  11:47   10,5  22:31    2,8    0,0    0,3    0,2    5,0  10:42    184
 08   12,9   18,5  14:49   10,1  22:17    2,8    0,0    0,3    0,2    7,2  11:53    185
 09   11,8   12,8  13:26   10,4  00:00    3,5    0,0    0,0    0,1    3,6  06:07    182
 10   11,5   13,8  13:26    9,7  04:09    3,6    0,0    0,0    0,9   13,3  13:39    171
 11   13,6   15,9  14:09   11,7  00:00    2,5    0,0    0,0    0,6   12,2  10:25    249
 12   15,1   19,3  12:47   12,6  23:43    1,6    0,0    0,0    2,7   18,4  12:55    166
 13   12,1   16,6  12:19    7,8  04:54    3,3    0,0    0,0    0,9   13,3  13:09    166
 14    9,3   13,6  14:05    5,2  22:45    4,8    0,0    0,0    0,1    5,0  09:19    187
 15    8,4   12,9  14:40    5,5  00:00    5,3    0,0    0,0    0,8    9,7  14:26    196
 16    6,8   12,2  13:49    3,4  07:34    6,2    0,0    0,0    1,8   13,3  10:23    194
 17    5,1    9,8  12:55    0,1  23:42    7,2    0,0    0,0    2,5   18,4  13:02    200
 18    3,1    5,4  13:07    0,1  00:00    8,3    0,0    0,0    1,5   11,2  13:21    201
 19    2,2    3,2  14:06    1,3  23:05    8,8    0,0    0,9    2,0   13,3  17:57    198
 20    1,8    2,7  15:20    0,9  06:48    9,0    0,0    3,3    1,5   14,8  02:54    197
 21    4,5    5,0  13:30    3,2  09:08    7,5    0,0    0,0    0,1    6,1  09:32    203
 22    5,0    5,7  13:11    4,0  01:41    7,2    0,0    1,2    0,0    2,5  08:20    179
 23    6,0    7,2  13:10    5,1  04:06    6,7    0,0    0,3    0,1    3,6  12:06    189
 24    6,4    7,2  15:48    5,3  06:05    6,5    0,0   12,3    0,2    5,0  11:06    184
 25    7,5    8,7  13:33    6,8  00:26    5,9    0,0    7,2    0,0    3,6  00:18    160
 26    6,8    7,7  15:12    5,9  23:35    6,2    0,0   13,5    0,1    3,6  11:17    185
 27    5,0    6,7  13:09    3,3  20:56    7,2    0,0    0,0    1,4   13,3  18:28    207
 28    1,5    5,4  13:08   -2,7  23:53    9,2    0,0    0,0    1,7   13,3  11:54    202
 29   -1,0    4,4  13:23   -4,1  07:32   10,5    0,0    0,0    0,8   11,2  12:38    196
 30   -0,2    1,4  14:25   -1,4  00:00   10,1    0,0    0,0    0,5    6,1  05:54    194
---------------------------------------------------------------------------------------
       8,3   19,3     12   -4,1     29  164,0    0,0   62,7    0,7   18,4     12    194
    
Tropske noči (Tmin >= 20): 0
Vroči dnevi (Tmax >= 30): 0
Topli dnevi (Tmax >= 25): 0
Hladni dnevi (Tmin < 0): 0
Ledeni dnevi (Tmax < 0): 3