Vremenska postaja Krtina

46.1507 N| 14.658 E| 316 m | Prikaži na zemljevidu

Vreme na kratko
11,1°C 68% 1025 mbar 0,0 km/h 0,0 km/h 0,0 mm
N/A/h N/A/h N/A/h N/A ( N/A) N/A ( N/A) 0,0 mm/h

20. 10. 2020 21:25:00 CEST

Vremenska statistika za 12-2018

Vremenska postaja:Froggit WH4000
Programska oprema:weewx v3.9.2
WeeWX aktiven:139 d, 7 h, 49 min
Strežnik aktiven:139 d, 7 h, 33 min
                   MONTHLY CLIMATOLOGICAL SUMMARY for dec 2018


NAME: Krtina, Dob, Slovenija                  
ELEV: 316 m    LAT: 46-09.05 N    LONG: 014-39.48 E


                   TEMPERATURE (°C), RAIN (mm), WIND SPEED (km/h)

                                         HEAT   COOL         AVG
      MEAN                               DEG    DEG          WIND                   DOM
DAY   TEMP   HIGH   TIME    LOW   TIME   DAYS   DAYS   RAIN  SPEED   HIGH   TIME    DIR
---------------------------------------------------------------------------------------
 01    0,5    4,9  13:35   -1,6  02:28    9,7    0,0   43,2    0,2    5,0  11:55    186
 02    2,7    6,7  21:15   -0,5  06:50    8,5    0,0    0,0    0,2   13,3  18:32    162
 03    6,2    9,4  14:53    3,5  02:05    6,5    0,0    0,9    0,1    5,0  17:09    137
 04    7,8   15,6  14:18    3,1  23:53    5,7    0,0    0,0    0,4    5,0  04:23    127
 05    4,9    7,6  13:58    1,6  01:57    7,3    0,0    0,0    0,4    7,2  05:05    196
 06    3,7    7,2  13:32    1,7  20:35    8,0    0,0    0,9    0,2    6,1  13:13    187
 07    3,0    3,5  10:21    2,8  00:00    8,3    0,0    0,0    0,1    3,6  06:07     54
 08
 09    3,2    6,3  15:35   -0,3  23:56    8,2    0,0    0,3    0,3    5,0  12:10    177
 10    0,9    3,7  14:30   -0,6  01:10    9,5    0,0    0,0    0,3    6,1  23:59    190
 11    0,2    5,5  15:08   -2,6  07:46    9,9    0,0    0,0    0,5    7,2  01:46    127
 12   -1,7    2,7  14:19   -4,1  23:56   10,9    0,0    0,0    0,1    3,6  01:17    155
 13   -1,1    2,2  13:09   -5,0  01:58   10,6    0,0    0,0    1,0   12,2  16:15    203
 14    0,4    1,7  12:54   -0,3  23:43    9,8    0,0    0,3    2,7   13,3  10:18    201
 15   -0,0    4,0  12:41   -2,0  20:52   10,0    0,0    0,0    0,6   11,2  02:10    194
 16   -1,0    1,4  14:11   -2,7  08:04   10,6    0,0    0,0    0,2    6,1  11:59    186
 17   -1,4    1,9  13:24   -4,5  23:53   10,8    0,0    0,0    0,0    2,5  01:34    154
 18   -3,0   -0,2  20:29   -6,3  05:34   11,6    0,0    0,0    0,1    3,6  00:49    183
 19   -0,4    1,8  14:13   -3,3  02:26   10,2    0,0    0,0    0,1    3,6  01:48    185
 20    1,4    2,6  14:07   -0,1  03:33    9,2    0,0    0,3    0,1    3,6  01:06    183
 21    2,5    5,6  17:14   -0,7  08:15    8,6    0,0    0,3    0,8   13,3  16:54    142
 22    5,9    7,6  15:06    2,7  23:48    6,7    0,0    0,0    0,5    8,6  04:46    292
 23    4,1    8,8  13:50    0,8  08:49    7,7    0,0    0,0    0,3    5,0  10:09    183
 24    6,3   10,2  14:06   -0,1  23:56    6,5    0,0    0,0    0,8   13,3  06:05    286
 25   -0,4    3,1  13:13   -2,8  22:55   10,2    0,0    0,0    0,2    5,0  00:09    127
 26   -1,3    3,9  15:38   -4,4  04:06   10,7    0,0    0,3    0,2    6,1  18:26    161
 27   -1,7    6,4  13:57   -6,1  08:31   10,9    0,0    0,0    0,1    5,0  01:43    171
 28   -1,8    2,2  15:02   -4,4  05:25   11,0    0,0    0,0    0,1    3,6  06:45    159
 29   -1,9    4,1  12:58   -6,0  07:35   11,0    0,0    0,0    0,2    5,0  20:49    148
 30   -1,2    3,5  14:21   -3,5  07:56   10,6    0,0    0,0    0,4    9,7  21:25    170
 31    0,3    4,9  14:29   -3,0  04:31    9,8    0,0    0,0    0,2    5,0  00:49    110
---------------------------------------------------------------------------------------
       1,2   15,6     04   -6,3     18  279,4    0,0   46,5    0,4   13,3     02    195
    
Tropske noči (Tmin >= 20): 0
Vroči dnevi (Tmax >= 30): 0
Topli dnevi (Tmax >= 25): 0
Hladni dnevi (Tmin < 0): 1
Ledeni dnevi (Tmax < 0): 23