Vremenska postaja Krtina

46.1507 N| 14.658 E| 316 m | Prikaži na zemljevidu

Vreme na kratko
8,7°C 71% 1025 mbar 0,0 km/h 0,0 km/h 0,0 mm
-1,9°C/h 1%/h 0 mbar/h N/A ( N/A) N/A ( N/A) 0,0 mm/h

20. 10. 2020 22:55:00 CEST

Vremenska statistika za 2018

Vremenska postaja:Froggit WH4000
Programska oprema:weewx v3.9.2
WeeWX aktiven:139 d, 9 h, 19 min
Strežnik aktiven:139 d, 9 h, 3 min
                     CLIMATOLOGICAL SUMMARY for year 2018


NAME: Krtina, Dob, Slovenija                  
ELEV: 316 m    LAT: 46-09.05 N    LONG: 014-39.48 E


                                       TEMPERATURE (°C)

                              HEAT    COOL                             Tropske Vroci  Topli  Hladni  Ledeni
          MEAN   MEAN         DEG     DEG                                >=     >=     >=      <       < 
 YR  MO   MAX    MIN    MEAN  DAYS    DAYS      HI  DAY     LOW  DAY     20     30     25      0       0
---------------------------------------------------------------------------------------------------------
2018 01
2018 02
2018 03
2018 04
2018 05
2018 06
2018 07   28,7   15,9   21,4    0,5   55,3    34,0   31    12,0   08      0      9     24      0      0
2018 08   29,9   16,3   22,2    3,8   75,7    35,2   09    10,5   28      1     19     26      0      0
2018 09   24,5   12,0   16,9   33,6   17,6    31,0   12     1,9   26      0      2     17      0      0
2018 10   18,7    8,0   12,3   97,9    0,0    23,1   24     2,6   01      0      0      0      0      0
2018 11   10,6    6,0    8,3  164,0    0,0    19,3   12    -4,1   29      0      0      0      5      0
2018 12    5,0   -1,6    1,2  279,4    0,0    15,6   04    -6,3   18      0      0      0     23      1
------------------------------------------------------------------------------------------------
          19,5    9,4   13,7  579,2  148,6    35,2  avg    -6,3  dec      1     30     67     28      1


                  PRECIPITATION (mm)

                  MAX         ---DAYS OF RAIN---
                  OBS.               OVER
 YR  MO  TOTAL    DAY  DATE   0.20   2.00  20.00
------------------------------------------------
2018 01
2018 02
2018 03
2018 04
2018 05
2018 06
2018 07   79,8   51,9    11     11      6      1
2018 08   93,3   36,6    25     10      6      2
2018 09  147,3   38,1    24     13      6      4
2018 10   76,5   20,4    28     15      9      1
2018 11   62,7   13,5    26     14      7      0
2018 12   46,5   43,2    01      8      1      1
------------------------------------------------
         506,1   51,9   jul     71     35      9


           WIND SPEED (km/h)

                                DOM
 YR  MO    AVG     HI   DATE    DIR
-----------------------------------
2018 01
2018 02
2018 03
2018 04
2018 05
2018 06
2018 07    0,7   15,8     15    201 
2018 08    1,1   18,4     03    201 
2018 09    0,7   23,4     24    196 
2018 10    0,5   20,9     30    191 
2018 11    0,7   18,4     12    194 
2018 12    0,4   13,3     02    195 
-----------------------------------
           0,7   23,4    sep    197