Vremenska postaja Krtina

46.1507 N| 14.658 E| 316 m | Prikaži na zemljevidu

Vreme na kratko
8,9°C 71% 1025 mbar 0,0 km/h 0,0 km/h 0,0 mm
-1,8°C/h 1%/h 0 mbar/h N/A ( N/A) N/A ( N/A) 0,0 mm/h

20. 10. 2020 22:50:00 CEST

Vremenska statistika za 01-2019

Vremenska postaja:Froggit WH4000
Programska oprema:weewx v3.9.2
WeeWX aktiven:139 d, 9 h, 14 min
Strežnik aktiven:139 d, 8 h, 58 min
                   MONTHLY CLIMATOLOGICAL SUMMARY for jan 2019


NAME: Krtina, Dob, Slovenija                  
ELEV: 316 m    LAT: 46-09.05 N    LONG: 014-39.48 E


                   TEMPERATURE (°C), RAIN (mm), WIND SPEED (km/h)

                                         HEAT   COOL         AVG
      MEAN                               DEG    DEG          WIND                   DOM
DAY   TEMP   HIGH   TIME    LOW   TIME   DAYS   DAYS   RAIN  SPEED   HIGH   TIME    DIR
---------------------------------------------------------------------------------------
 01    2,1    8,0  13:17   -2,8  23:55    8,8    0,0    0,0    0,3    5,0  11:31    172
 02   -0,3    9,2  12:45   -4,3  04:26   10,1    0,0    0,3    0,8   18,4  13:33    331
 03    0,1    6,1  12:46   -3,9  06:05   10,0    0,0    0,0    1,2   29,5  12:09    297
 04   -1,4    4,7  13:33   -5,8  08:19   10,8    0,0    0,0    0,6   11,2  13:51    190
 05   -1,8    1,5  14:44   -3,9  23:48   11,0    0,0    0,0    0,3    8,6  20:29    148
 06   -0,3    9,0  13:34   -4,4  00:47   10,2    0,0    0,0    1,0   14,8  12:19    196
 07   -0,8    1,2  15:15   -3,0  00:05   10,5    0,0    0,3    0,1    3,6  04:53    203
 08   -1,5    0,1  15:36   -3,9  03:44   10,8    0,0    0,0    0,1    5,0  08:32    187
 09   -0,9    3,0  14:28   -3,0  07:50   10,5    0,0    2,4    0,2    5,0  09:57    188
 10   -0,5    3,2  13:08   -4,0  07:57   10,3    0,0    0,0    0,7    9,7  13:59    197
 11   -1,5    4,3  14:11   -4,6  21:23   10,8    0,0    0,0    0,1    5,0  13:08    191
 12   -1,3    4,8  13:51   -4,6  07:53   10,7    0,0    0,3    0,2    5,0  12:28    190
 13    0,4    7,4  13:24   -4,7  08:29    9,8    0,0    0,0    0,4    7,2  18:18    143
 14    4,0   12,9  14:24   -1,1  08:16    7,8    0,0    0,0    0,7   11,2  18:57    161
 15    1,5   10,5  13:34   -4,2  07:50    9,2    0,0    0,0    1,3   17,3  14:48    142
 16    2,4    8,5  15:20   -1,9  07:57    8,7    0,0    0,0    0,4   12,2  15:35    303
 17    7,2    8,5  09:38    6,0  23:12    6,0    0,0    5,4    1,1    9,7  05:57    294
 18    2,3    6,0  00:00   -0,8  23:52    8,7    0,0   13,8    0,1    8,6  05:59    200
 19    0,2    1,7  12:37   -1,0  00:39    9,9    0,0    1,5    0,4    6,1  06:32    183
 20   -0,4    4,8  14:25   -3,4  08:54   10,2    0,0    4,5    0,2    3,6  10:43    195
 21   -0,1    1,4  13:30   -1,0  00:00   10,1    0,0    0,3    0,4    7,2  12:38    199
 22   -1,2    1,5  13:52   -3,3  05:48   10,6    0,0    0,6    1,3   12,2  16:53    199
 23   -1,8   -0,9  12:28   -2,5  05:42   11,0    0,0    0,0    0,7    7,2  16:05    201
 24   -0,7    1,5  14:08   -2,2  00:00   10,4    0,0    0,6    0,1    3,6  02:21    186
 25   -3,2    2,3  14:39   -8,1  23:57   11,8    0,0    1,2    0,3    5,0  11:13    194
 26   -6,0    0,3  14:06  -10,8  05:30   13,3    0,0    0,6    0,2    3,6  08:47    191
 27   -2,9    1,7  22:43   -8,5  06:35   11,6    0,0    1,5    0,2    3,6  04:51    181
 28    1,9    3,1  12:40    0,6  23:46    8,9    0,0   10,8    0,2    7,2  00:56     94
 29    1,7    7,0  14:24    0,1  02:16    9,1    0,0    0,0    0,1    3,6  10:21    184
 30    1,1    5,2  13:12   -1,5  22:45    9,4    0,0    0,0    0,5    7,2  11:19    192
 31   -0,4    1,5  14:41   -2,9  03:34   10,2    0,0    0,6    0,1    3,6  02:58    183
---------------------------------------------------------------------------------------
      -0,1   12,9     14  -10,8     26  311,3    0,0   44,7    0,5   29,5     03    197
    
Tropske noči (Tmin >= 20): 0
Vroči dnevi (Tmax >= 30): 0
Topli dnevi (Tmax >= 25): 0
Hladni dnevi (Tmin < 0): 1
Ledeni dnevi (Tmax < 0): 28