Vremenska postaja Krtina

46.1507 N| 14.658 E| 316 m | Prikaži na zemljevidu

Vreme na kratko
9,8°C 70% 1025 mbar 0,0 km/h 0,0 km/h 0,0 mm
-1,4°C/h 2%/h 0 mbar/h N/A ( N/A) N/A ( N/A) 0,0 mm/h

20. 10. 2020 22:20:00 CEST

Vremenska statistika za 02-2019

Vremenska postaja:Froggit WH4000
Programska oprema:weewx v3.9.2
WeeWX aktiven:139 d, 8 h, 44 min
Strežnik aktiven:139 d, 8 h, 28 min
                   MONTHLY CLIMATOLOGICAL SUMMARY for feb 2019


NAME: Krtina, Dob, Slovenija                  
ELEV: 316 m    LAT: 46-09.05 N    LONG: 014-39.48 E


                   TEMPERATURE (°C), RAIN (mm), WIND SPEED (km/h)

                                         HEAT   COOL         AVG
      MEAN                               DEG    DEG          WIND                   DOM
DAY   TEMP   HIGH   TIME    LOW   TIME   DAYS   DAYS   RAIN  SPEED   HIGH   TIME    DIR
---------------------------------------------------------------------------------------
 01    1,4    2,8  23:32   -0,7  00:10    9,2    0,0   10,2    0,2    5,0  21:59    181
 02    5,7    8,5  13:13    2,8  00:00    6,8    0,0   23,4    0,2    6,1  21:54    116
 03    6,8   10,5  14:18    4,3  08:07    6,2    0,0   15,3    0,5   17,3  01:59    182
 04    4,0    8,7  12:48    0,7  21:19    7,8    0,0    0,6    1,3   14,8  11:05    201
 05    2,1    4,8  14:29   -1,6  23:50    8,8    0,0    0,0    0,5    7,2  12:27    202
 06    0,7   10,1  14:41   -4,5  07:22    9,6    0,0    0,0    0,5   11,2  14:53    194
 07   -0,7    7,9  15:08   -5,9  07:42   10,4    0,0    0,0    0,2    5,0  11:14    189
 08    1,5    8,5  14:30   -2,2  01:55    9,2    0,0    0,0    0,3    7,2  15:59    183
 09    2,1   11,8  14:48   -3,7  07:31    8,8    0,0    0,0    0,7    9,7  14:59    119
 10
 11    3,9    6,4  15:29    0,9  23:57    7,8    0,0    0,3    0,5    6,1  19:44    182
 12    2,4   11,8  14:18   -2,6  07:30    8,7    0,0    0,0    0,8   11,2  15:46    170
 13    1,3   11,0  14:56   -4,6  07:22    9,3    0,0    0,0    0,4    6,1  01:16    136
 14    2,8   13,6  15:29   -2,7  03:39    8,4    0,0    0,0    0,2    6,1  13:14    185
 15    2,9   13,6  14:56   -3,1  06:54    8,4    0,0    0,0    0,6   12,2  14:17    196
 16    3,1   14,6  15:22   -3,2  06:59    8,3    0,0    0,0    0,4    6,1  13:43    188
 17    2,4   17,1  15:45   -3,7  07:05    8,7    0,0    0,0    0,4    5,0  10:59    190
 18    8,3   17,8  15:25   -1,1  09:15    5,4    0,0    0,0    0,3    5,0  13:44    176
 19    4,8   16,3  14:43   -2,6  06:58    7,3    0,0    0,0    1,0   13,3  15:17    126
 20    4,8   14,5  15:29   -2,2  07:10    7,3    0,0    0,0    0,2    5,0  10:57    184
 21    5,9   15,7  15:35   -0,9  07:05    6,7    0,0    0,0    0,3    5,0  11:22    191
 22    6,2   13,4  16:43    0,3  07:20    6,6    0,0    0,0    2,1   19,4  22:17    203
 23    1,6    6,4  14:42   -1,9  23:57    9,1    0,0    0,0    6,2   31,7  20:33    199
 24    0,7    8,0  14:41   -5,8  07:18    9,6    0,0    0,0    0,6   11,2  11:51    210
 25    4,8   15,1  15:41    0,0  01:33    7,4    0,0    0,0    0,3    9,7  15:19    233
 26    7,0   18,7  15:42   -0,4  01:57    6,1    0,0    0,0    0,7    7,2  15:18    159
 27    7,6   18,2  15:21   -0,2  07:19    5,8    0,0    0,0    1,3   14,8  11:39    194
 28    7,5   19,5  14:36   -1,9  06:45    5,8    0,0    0,0    2,3   22,0  14:55    162
---------------------------------------------------------------------------------------
       3,7   19,5     28   -5,9     07  213,5    0,0   49,8    0,9   31,7     23    189
    
Tropske noči (Tmin >= 20): 0
Vroči dnevi (Tmax >= 30): 0
Topli dnevi (Tmax >= 25): 0
Hladni dnevi (Tmin < 0): 0
Ledeni dnevi (Tmax < 0): 21