Vremenska postaja Krtina

46.1507 N| 14.658 E| 316 m | Prikaži na zemljevidu

Vreme na kratko
10,7°C 70% 1025 mbar 0,0 km/h 1,1 km/h 0,0 mm
-1,2°C/h 2%/h -0 mbar/h N/A ( N/A) N/A ( N/A) 0,0 mm/h

20. 10. 2020 21:50:00 CEST

Vremenska statistika za 03-2019

Vremenska postaja:Froggit WH4000
Programska oprema:weewx v3.9.2
WeeWX aktiven:139 d, 8 h, 14 min
Strežnik aktiven:139 d, 7 h, 58 min
                   MONTHLY CLIMATOLOGICAL SUMMARY for mar 2019


NAME: Krtina, Dob, Slovenija                  
ELEV: 316 m    LAT: 46-09.05 N    LONG: 014-39.48 E


                   TEMPERATURE (°C), RAIN (mm), WIND SPEED (km/h)

                                         HEAT   COOL         AVG
      MEAN                               DEG    DEG          WIND                   DOM
DAY   TEMP   HIGH   TIME    LOW   TIME   DAYS   DAYS   RAIN  SPEED   HIGH   TIME    DIR
---------------------------------------------------------------------------------------
 01    6,8   15,9  14:14   -0,1  04:51    6,2    0,0    0,0    0,5    7,2  00:15    144
 02    6,9   16,5  16:20   -0,4  04:48    6,2    0,0    0,3    0,4    6,1  12:55    198
 03    8,3   18,2  14:44    0,8  06:54    5,4    0,0    0,0    1,0   22,0  15:43    164
 04    8,2   15,3  13:32    0,7  06:41    5,5    0,0    7,5    1,6   20,9  12:55    297
 05    7,3   15,7  15:32    2,5  23:52    5,9    0,0    0,3    0,4    6,1  13:28    179
 06    7,1   16,3  13:36   -0,5  06:47    6,1    0,0    0,0    0,9   17,3  14:08    191
 07   11,5   16,3  14:08    7,9  00:00    3,6    0,0    0,0    1,0   19,4  11:10    230
 08   11,9   18,2  14:11    7,2  23:59    3,4    0,0    0,0    2,1   19,4  13:18    163
 09   10,6   17,3  14:19    6,2  07:24    4,1    0,0    0,0    1,9   19,4  14:47    165
 10   10,1   11,8  13:23    8,2  02:27    4,4    0,0    0,0    0,8   12,2  05:02    295
 11    5,3    9,6  00:00    1,0  23:49    7,1    0,0    3,3    0,5   11,2  14:59    199
 12    4,9   13,8  15:44    0,1  23:56    7,3    0,0    0,0    1,4   12,2  11:55    184
 13    4,5   11,2  12:31   -0,9  02:15    7,5    0,0    0,3    0,6   14,8  16:11    181
 14    6,6   13,6  13:56    2,4  04:34    6,3    0,0    0,0    1,0   15,8  15:09    175
 15    8,0   16,3  15:54   -1,0  06:58    5,6    0,0    0,0    0,9   11,2  12:50    175
 16    9,6   17,4  15:35    1,5  06:45    4,7    0,0    0,0    1,4   15,8  15:40    172
 17   11,1   15,2  14:50    8,0  05:50    3,8    0,0    0,0    1,5   25,6  14:54    192
 18    6,0   11,4  00:00    2,6  13:19    6,7    0,0    9,9    0,6   12,2  07:18    193
 19    4,8    8,0  14:41    2,7  23:25    7,3    0,0    0,0    1,3   12,2  13:58    203
 20    6,0   12,4  13:38    1,4  06:29    6,7    0,0    0,3    2,4   20,9  12:20    209
 21    6,1   15,0  15:46   -1,7  06:33    6,6    0,0    0,0    1,7   15,8  12:26    198
 22    7,4   19,7  15:32   -1,9  05:51    5,9    0,0    0,0    0,8   12,2  14:46    194
 23    9,6   22,2  15:13   -0,3  06:27    4,7    0,0    0,0    1,0   12,2  13:14    192
 24   11,4   24,5  15:57    1,3  06:14    3,7    0,0    0,0    0,5    7,2  12:28     28
 25    8,3   17,5  14:33    2,8  06:19    5,4    0,0   14,4    1,1   14,8  17:07    204
 26    7,2   14,1  13:46    2,2  06:50    6,0    0,0    0,0    2,2   17,3  11:14    206
 27    4,8   11,5  13:16   -0,7  03:46    7,3    0,0    0,0    1,4   14,8  13:52    203
 28    7,0   13,6  15:55    1,0  04:57    6,1    0,0    0,0    2,2   15,8  12:58    203
 29   10,1   17,1  15:49    3,8  23:56    4,4    0,0    0,0    1,7   15,8  10:54    199
 30    9,1   21,2  15:07   -0,3  05:53    4,9    0,0    0,0    0,7    8,6  13:26    184
 31   10,8   23,7  16:24    0,0  07:31    4,0    0,0    0,0    0,9   12,2  14:02    204
---------------------------------------------------------------------------------------
       8,0   24,5     24   -1,9     22  172,6    0,0   36,3    1,2   25,6     17    195
    
Tropske noči (Tmin >= 20): 0
Vroči dnevi (Tmax >= 30): 0
Topli dnevi (Tmax >= 25): 0
Hladni dnevi (Tmin < 0): 0
Ledeni dnevi (Tmax < 0): 10