Vremenska postaja Krtina

46.1507 N| 14.658 E| 316 m | Prikaži na zemljevidu

Vreme na kratko
11,2°C 68% 1025 mbar 0,0 km/h 1,1 km/h 0,0 mm
N/A/h N/A/h N/A/h N/A ( N/A) N/A ( N/A) 0,0 mm/h

20. 10. 2020 21:20:00 CEST

Vremenska statistika za 04-2019

Vremenska postaja:Froggit WH4000
Programska oprema:weewx v3.9.2
WeeWX aktiven:139 d, 7 h, 44 min
Strežnik aktiven:139 d, 7 h, 28 min
                   MONTHLY CLIMATOLOGICAL SUMMARY for apr 2019


NAME: Krtina, Dob, Slovenija                  
ELEV: 316 m    LAT: 46-09.05 N    LONG: 014-39.48 E


                   TEMPERATURE (°C), RAIN (mm), WIND SPEED (km/h)

                                         HEAT   COOL         AVG
      MEAN                               DEG    DEG          WIND                   DOM
DAY   TEMP   HIGH   TIME    LOW   TIME   DAYS   DAYS   RAIN  SPEED   HIGH   TIME    DIR
---------------------------------------------------------------------------------------
 01   11,9   21,6  14:08    3,1  07:10    3,4    0,0    0,0    1,4   17,3  16:39    208
 02   11,8   20,7  15:21    3,6  07:08    3,5    0,0    0,0    0,8   12,2  13:33    197
 03   10,9   17,6  14:05    6,1  07:05    4,0    0,0    1,5    0,8   12,2  16:48    160
 04   11,2   16,6  15:23    6,4  02:23    3,8    0,0    0,6    1,0   18,4  15:32    182
 05   10,2   13,2  00:26    7,4  23:37    4,3    0,0   18,3    1,4   22,0  08:05    200
 06    8,9   12,1  14:48    5,3  23:57    5,1    0,0    0,3    0,3    7,2  10:16    184
 07    8,8   15,0  14:36    4,5  04:46    5,1    0,0    0,0    0,5    7,2  11:07    197
 08   10,8   17,2  17:19    7,6  06:31    4,0    0,0    3,3    0,5    7,2  16:12    189
 09    9,9   12,1  14:11    7,2  06:44    4,5    0,0    3,0    0,1    5,0  14:38    132
 10   10,9   13,5  15:02    8,8  00:37    3,9    0,0    9,0    0,2    6,1  13:54    181
 11    9,4   10,4  00:00    7,4  23:52    4,8    0,0    6,0    0,4    7,2  17:47    201
 12    6,4    7,4  00:00    5,1  22:54    6,5    0,0    3,3    0,4    6,1  10:19    198
 13    7,2   11,4  14:55    4,5  07:04    6,0    0,0    0,0    1,0   11,2  14:18    197
 14    7,4    9,9  13:17    5,6  06:02    5,9    0,0    0,3    1,3   12,2  13:48    200
 15   10,7   17,1  13:53    5,8  23:55    4,1    0,0    0,0    1,4   17,3  09:50    207
 16    9,5   19,2  15:43    0,8  06:30    4,7    0,0    2,1    0,7    8,6  14:50    180
 17   10,9   21,6  15:46    1,6  06:27    3,9    0,0    0,0    0,9   14,8  14:52    197
 18   11,5   19,8  15:18    3,6  06:39    3,6    0,0    0,0    1,9   14,8  12:48    199
 19   12,4   23,3  16:38    3,2  06:09    3,1    0,0    0,0    0,9   13,3  14:16    192
 20   13,2   23,9  16:45    3,5  06:47    2,7    0,0    0,0    1,4   15,8  14:28    196
 21   13,8   25,3  16:55    3,1  06:39    2,3    0,0    0,0    1,0    8,6  18:27    162
 22   13,5   22,8  14:55    3,9  06:26    2,5    0,0    0,0    1,8   19,4  15:10    150
 23   11,4   13,1  00:00   10,5  03:46    3,7    0,0   13,2    0,2    6,1  13:18    122
 24   14,2   18,9  15:25   10,9  06:11    2,1    0,0    1,8    0,6    9,7  16:29    173
 25   17,1   23,4  14:46   11,1  05:31    0,5    0,0    0,0    1,8   19,4  15:19    175
 26   16,3   24,2  13:58   11,4  05:48    0,9    0,0    0,0    1,4   22,0  15:57    186
 27   11,9   17,8  16:14    7,3  23:59    3,4    0,0    1,5    0,8   13,3  15:13    207
 28    7,3    9,6  10:13    4,7  04:18    5,9    0,0   11,7    0,5    9,7  10:58    293
 29    9,3   13,4  11:26    5,8  06:06    4,9    0,0    0,3    0,4   12,2  11:07    203
 30   10,7   14,9  15:05    7,3  06:05    4,1    0,0    1,2    0,5    7,2  11:08    280
---------------------------------------------------------------------------------------
      11,0   25,3     21    0,8     16  117,0    0,0   77,4    0,9   22,0     05    196
    
Tropske noči (Tmin >= 20): 0
Vroči dnevi (Tmax >= 30): 0
Topli dnevi (Tmax >= 25): 1
Hladni dnevi (Tmin < 0): 0
Ledeni dnevi (Tmax < 0): 0