Vremenska postaja Krtina

46.1507 N| 14.658 E| 316 m | Prikaži na zemljevidu

Vreme na kratko
9,2°C 71% 1025 mbar 0,0 km/h 0,0 km/h 0,0 mm
-1,7°C/h 2%/h 0 mbar/h N/A ( N/A) N/A ( N/A) 0,0 mm/h

20. 10. 2020 22:40:00 CEST

Vremenska statistika za 05-2019

Vremenska postaja:Froggit WH4000
Programska oprema:weewx v3.9.2
WeeWX aktiven:139 d, 9 h, 4 min
Strežnik aktiven:139 d, 8 h, 48 min
                   MONTHLY CLIMATOLOGICAL SUMMARY for maj 2019


NAME: Krtina, Dob, Slovenija                  
ELEV: 316 m    LAT: 46-09.05 N    LONG: 014-39.48 E


                   TEMPERATURE (°C), RAIN (mm), WIND SPEED (km/h)

                                         HEAT   COOL         AVG
      MEAN                               DEG    DEG          WIND                   DOM
DAY   TEMP   HIGH   TIME    LOW   TIME   DAYS   DAYS   RAIN  SPEED   HIGH   TIME    DIR
---------------------------------------------------------------------------------------
 01   13,0   23,7  16:42    3,9  06:18    2,8    0,0    0,0    1,0   12,2  18:13    172
 02   13,8   22,3  14:41    5,2  06:33    2,3    0,0    0,0    1,7   19,4  15:54    218
 03   11,9   14,4  10:20   10,1  07:18    3,4    0,0    9,3    0,3    7,2  09:25    159
 04   11,3   13,4  14:47   10,1  05:29    3,7    0,0   10,2    0,7    8,6  13:31    198
 05    7,7   10,9  00:00    4,6  23:28    5,7    0,0    7,5    0,4    7,2  08:20    205
 06    7,3   12,6  15:23    3,8  05:57    5,9    0,0    0,6    0,9   12,2  16:36    197
 07    8,3   17,3  15:54    0,7  04:46    5,4    0,0    0,0    1,1   13,3  16:59    171
 08    9,8   17,3  14:34    2,0  05:21    4,6    0,0    0,0    1,5   19,4  14:29    166
 09   10,6   12,0  11:15    7,1  23:35    4,1    0,0    9,6    0,4    7,2  02:38    199
 10   12,8   21,4  15:56    6,8  06:55    2,9    0,0    0,3    1,4   18,4  15:18    180
 11   14,0   21,5  15:34    6,6  05:39    2,2    0,0    0,3    0,9   13,3  16:22    133
 12   12,6   14,4  18:44    9,9  05:18    3,0    0,0   10,8    1,5   20,9  18:46    219
 13   11,2   13,8  15:23    9,5  05:40    3,8    0,0    0,6    2,0   19,4  14:37    231
 14    8,8   10,7  03:18    5,8  23:38    5,1    0,0    0,0    3,2   23,4  08:44    199
 15    6,3    7,9  17:23    4,8  06:14    6,5    0,0   16,5    0,2    5,0  11:46    174
 16   10,2   15,2  17:29    6,4  05:59    4,3    0,0    0,0    0,9   12,2  17:23    191
 17   12,6   19,4  16:25    7,4  05:57    3,0    0,0    0,0    0,9    9,7  12:49    205
 18   13,2   18,4  14:05    9,6  02:08    2,7    0,0    3,9    0,5    9,7  13:48    202
 19   14,5   20,4  14:09   12,2  05:56    2,0    0,0    6,0    0,7   13,3  15:45    187
 20   13,7   16,4  14:08   11,7  05:12    2,4    0,0    0,0    1,3   18,4  14:34    180
 21   13,2   15,0  18:38   11,5  05:11    2,7    0,0    6,6    0,5   12,2  16:53    180
 22   14,7   22,6  15:32   11,0  05:52    1,8    0,0   14,1    0,3   22,0  15:49    166
 23   16,4   23,8  15:20   10,6  06:40    0,9    0,0    0,9    0,2    7,2  18:23    180
 24   18,6   26,2  16:29   11,6  06:33    0,0    0,3    0,0    0,0    1,1  00:16     90
 25   16,9   24,8  13:43   11,3  06:11    0,6    0,0    0,6    0,3    9,7  15:38    281
 26   16,6   25,3  15:54   11,3  05:29    0,8    0,0    4,8    0,9   18,4  14:44    187
 27   15,1   16,3  15:48   14,3  05:30    1,6    0,0   11,1    0,2    5,0  15:12    192
 28   15,7   19,5  14:38   13,7  05:30    1,3    0,0   26,1    0,4    9,7  15:24    201
 29   12,4   15,1  00:00   10,6  08:09    3,1    0,0   25,8    0,2    3,6  03:08    190
 30   12,6   15,7  17:16   10,6  03:59    3,0    0,0    7,8    0,3    6,1  12:38    181
 31   15,8   22,2  17:30   10,5  05:34    1,2    0,0    0,0    0,8   11,2  17:06    198
---------------------------------------------------------------------------------------
      12,6   26,2     24    0,7     07   92,7    0,3  173,4    0,8   23,4     14    194
    
Tropske noči (Tmin >= 20): 0
Vroči dnevi (Tmax >= 30): 0
Topli dnevi (Tmax >= 25): 2
Hladni dnevi (Tmin < 0): 0
Ledeni dnevi (Tmax < 0): 0