Vremenska postaja Krtina

46.1507 N| 14.658 E| 316 m | Prikaži na zemljevidu

Vreme na kratko
10,1°C 70% 1025 mbar 0,0 km/h 0,0 km/h 0,0 mm
-1,3°C/h 3%/h 0 mbar/h N/A ( N/A) N/A ( N/A) 0,0 mm/h

20. 10. 2020 22:10:00 CEST

Vremenska statistika za 06-2019

Vremenska postaja:Froggit WH4000
Programska oprema:weewx v3.9.2
WeeWX aktiven:139 d, 8 h, 34 min
Strežnik aktiven:139 d, 8 h, 18 min
                   MONTHLY CLIMATOLOGICAL SUMMARY for jun 2019


NAME: Krtina, Dob, Slovenija                  
ELEV: 316 m    LAT: 46-09.05 N    LONG: 014-39.48 E


                   TEMPERATURE (°C), RAIN (mm), WIND SPEED (km/h)

                                         HEAT   COOL         AVG
      MEAN                               DEG    DEG          WIND                   DOM
DAY   TEMP   HIGH   TIME    LOW   TIME   DAYS   DAYS   RAIN  SPEED   HIGH   TIME    DIR
---------------------------------------------------------------------------------------
 01   17,1   26,7  15:50    8,7  06:17    0,5    0,0    0,0    0,6   14,8  17:42    211
 02   20,0   26,9  14:10   13,8  03:43    0,0    1,1    0,0    1,0   13,3  13:05    192
 03   19,6   28,9  15:22   12,5  06:05    0,0    0,9    0,0    0,6   12,2  17:05    189
 04   21,1   29,3  15:29   13,8  04:46    0,0    1,7    0,0    0,6    8,6  15:06    190
 05   21,6   27,8  16:31   15,2  06:13    0,0    2,0    0,0    1,5   20,9  15:06    185
 06   21,6   27,3  14:50   17,9  06:40    0,0    2,0    0,3    2,0   20,9  14:30    150
 07   21,3   27,3  14:45   15,4  05:55    0,0    1,8    0,0    2,2   18,4  12:40    144
 08   22,4   31,0  16:30   13,9  05:36    0,0    2,4    0,0    1,1   12,2  12:08    187
 09   22,7   29,5  16:21   16,3  06:22    0,0    2,6    0,0    1,1   11,2  11:11    201
 10   24,2   31,8  15:45   16,6  05:14    0,0    3,4    0,0    1,0   12,2  14:51    201
 11   22,7   30,3  13:20   17,9  05:19    0,0    2,6    0,0    0,8   11,2  12:09    200
 12   23,9   30,9  17:12   16,8  05:47    0,0    3,3    0,3    0,8   11,2  11:30    200
 13   23,6   30,6  15:24   16,8  05:33    0,0    3,1    0,0    1,2   17,3  16:12    153
 14   23,6   34,1  17:08   13,2  05:39    0,0    3,1    0,0    0,7    8,6  13:00    194
 15   24,4   32,0  17:06   17,6  05:10    0,0    3,5    0,0    0,7    8,6  17:10    201
 16   24,0   32,9  15:12   17,3  06:20    0,0    3,3    4,5    1,5   12,2  11:59    201
 17   21,4   27,2  13:47   17,2  04:14    0,0    1,9    1,5    1,6   15,8  15:15    198
 18   22,3   28,3  14:35   17,7  05:43    0,0    2,4    0,3    1,3   15,8  12:50    199
 19   21,2   28,2  13:20   16,3  04:47    0,0    1,8    0,3    0,7   13,3  14:44    193
 20   20,6   31,7  15:02   15,1  05:51    0,0    1,5   21,3    0,8   25,6  16:43    197
 21   20,4   29,7  14:42   14,9  05:17    0,0    1,3    6,3    0,6   11,2  15:32    194
 22   19,5   21,8  16:54   17,8  05:10    0,0    0,8   49,2    0,3    7,2  11:26    186
 23   19,8   24,5  17:24   17,4  05:37    0,0    1,0    3,3    0,4    8,6  14:54    200
 24   22,9   30,0  15:30   17,0  01:55    0,0    2,7    0,0    1,2   13,3  14:24    200
 25   24,4   31,5  16:32   17,4  05:30    0,0    3,5    0,0    1,4   14,8  15:29    202
 26   25,7   33,1  16:27   18,8  05:53    0,0    4,3    0,0    1,0   11,2  14:09    202
 27   27,1   36,2  16:45   19,7  06:06    0,0    5,0    0,0    0,6    8,6  17:08    193
 28   25,1   30,3  16:49   19,9  23:55    0,0    4,0    0,0    1,9   13,3  14:22    204
 29   22,5   29,8  15:54   15,4  05:36    0,0    2,5    0,0    1,5   13,3  16:47    209
 30   23,0   32,8  17:05   13,9  06:05    0,0    2,8    0,0    0,8    8,6  14:23    200
---------------------------------------------------------------------------------------
      22,3   36,2     27    8,7     01    0,5   72,5   87,3    1,0   25,6     20    196
    
Tropske noči (Tmin >= 20): 0
Vroči dnevi (Tmax >= 30): 15
Topli dnevi (Tmax >= 25): 28
Hladni dnevi (Tmin < 0): 0
Ledeni dnevi (Tmax < 0): 0