Vremenska postaja Krtina

46.1507 N| 14.658 E| 316 m | Prikaži na zemljevidu

Vreme na kratko
10,9°C 69% 1025 mbar 0,0 km/h 0,0 km/h 0,0 mm
N/A/h N/A/h N/A/h N/A ( N/A) N/A ( N/A) 0,0 mm/h

20. 10. 2020 21:40:00 CEST

Vremenska statistika za 07-2019

Vremenska postaja:Froggit WH4000
Programska oprema:weewx v3.9.2
WeeWX aktiven:139 d, 8 h, 4 min
Strežnik aktiven:139 d, 7 h, 48 min
                   MONTHLY CLIMATOLOGICAL SUMMARY for jul 2019


NAME: Krtina, Dob, Slovenija                  
ELEV: 316 m    LAT: 46-09.05 N    LONG: 014-39.48 E


                   TEMPERATURE (°C), RAIN (mm), WIND SPEED (km/h)

                                         HEAT   COOL         AVG
      MEAN                               DEG    DEG          WIND                   DOM
DAY   TEMP   HIGH   TIME    LOW   TIME   DAYS   DAYS   RAIN  SPEED   HIGH   TIME    DIR
---------------------------------------------------------------------------------------
 01   24,7   35,0  15:23   15,9  06:18    0,0    3,7    0,0    0,8    9,7  13:41     47
 02   20,8   20,9  00:00   20,6  00:15    0,0    1,5    0,0    0,3    2,5  00:12     41
 03   23,0   29,7  16:35   18,6  23:11    0,0    2,8    3,6    1,4    9,7  16:13    215
 04   19,9   25,8  17:11   17,0  11:59    0,0    1,0    1,8    1,2   12,2  10:12    199
 05   22,4   31,4  17:19   14,3  05:27    0,0    2,4    0,0    0,6    8,6  12:27    189
 06   24,6   31,8  15:15   18,1  05:57    0,0    3,7    2,1    1,5   20,9  17:51    173
 07   21,0   28,8  13:54   17,4  05:41    0,0    1,7   13,8    0,8   11,2  16:51    199
 08   19,5   24,9  15:11   16,2  03:15    0,0    0,8   10,8    1,9   19,4  09:56    203
 09   18,6   22,1  17:29   15,8  05:12    0,0    0,4    0,6    0,9    9,7  13:18    203
 10   19,0   24,2  16:32   14,7  23:53    0,0    0,6    2,4    2,7   17,3  15:34    202
 11   18,0   25,1  15:50   10,6  06:05    0,0    0,0    0,0    0,6    7,2  15:05    188
 12   20,0   27,3  15:58   16,3  23:51    0,0    1,1    3,0    0,9   18,4  17:38    191
 13   18,9   24,7  13:58   14,9  06:07    0,0    0,5    0,0    1,1   18,4  16:23    200
 14   19,0   26,3  16:56   13,3  05:05    0,0    0,6    0,0    1,1   14,8  14:57    203
 15   19,7   25,5  14:53   15,4  00:40    0,0    0,9    0,0    1,8   14,8  10:55    201
 16   19,9   28,2  16:32   11,7  05:42    0,0    1,0    0,0    1,4   14,8  12:24    199
 17   20,9   29,6  15:14   12,4  05:59    0,0    1,6    0,0    1,2   15,8  16:37    184
 18   20,8   28,3  14:43   16,9  05:43    0,0    1,5    3,3    0,6    9,7  17:27    204
 19   22,1   31,0  16:07   16,6  05:56    0,0    2,3    0,0    0,8   12,2  17:27    195
 20   22,9   31,7  16:16   15,2  05:58    0,0    2,7    0,0    1,2   13,3  16:39    182
 21   23,1   32,9  15:41   17,4  06:06    0,0    2,9    2,4    0,8    9,7  15:57    189
 22   24,1   30,7  15:27   18,3  05:17    0,0    3,4    0,0    0,7   11,2  14:40    204
 23   25,1   33,4  16:22   17,7  06:01    0,0    3,9    0,0    0,7    8,6  14:56    197
 24   26,2   35,0  16:42   18,8  06:19    0,0    4,6    0,0    0,8    9,7  17:05    201
 25   27,0   35,0  16:11   20,9  05:51    0,0    5,0    0,0    0,8   12,2  18:10    206
 26   25,8   34,3  14:19   20,9  06:19    0,0    4,3    0,0    1,1   18,4  17:45    191
 27   24,3   31,6  15:15   19,2  23:57    0,0    3,5    6,0    1,4   15,8  11:58    184
 28   18,9   20,3  18:15   17,9  03:50    0,0    0,5   26,7    0,3   13,3  09:28    194
 29   20,9   25,5  17:18   18,1  04:15    0,0    1,6    9,3    0,4    7,2  12:27    184
 30   23,6   32,0  16:38   17,9  04:59    0,0    3,1    0,0    0,9    8,6  14:02    199
 31   24,1   30,8  14:50   19,7  06:54    0,0    3,4    0,9    0,9    9,7  14:25    197
---------------------------------------------------------------------------------------
      21,9   35,0     01   10,6     11    0,0   67,1   86,7    1,0   20,9     06    197
    
Tropske noči (Tmin >= 20): 3
Vroči dnevi (Tmax >= 30): 14
Topli dnevi (Tmax >= 25): 25
Hladni dnevi (Tmin < 0): 0
Ledeni dnevi (Tmax < 0): 0