Vremenska postaja Krtina

46.1507 N| 14.658 E| 316 m | Prikaži na zemljevidu

Vreme na kratko
8,7°C 72% 1025 mbar 0,0 km/h 0,0 km/h 0,0 mm
-1,7°C/h 2%/h 0 mbar/h N/A ( N/A) N/A ( N/A) 0,0 mm/h

20. 10. 2020 23:00:00 CEST

Vremenska statistika za 08-2019

Vremenska postaja:Froggit WH4000
Programska oprema:weewx v3.9.2
WeeWX aktiven:139 d, 9 h, 24 min
Strežnik aktiven:139 d, 9 h, 8 min
                   MONTHLY CLIMATOLOGICAL SUMMARY for avg 2019


NAME: Krtina, Dob, Slovenija                  
ELEV: 316 m    LAT: 46-09.05 N    LONG: 014-39.48 E


                   TEMPERATURE (°C), RAIN (mm), WIND SPEED (km/h)

                                         HEAT   COOL         AVG
      MEAN                               DEG    DEG          WIND                   DOM
DAY   TEMP   HIGH   TIME    LOW   TIME   DAYS   DAYS   RAIN  SPEED   HIGH   TIME    DIR
---------------------------------------------------------------------------------------
 01   23,7   29,9  16:41   18,8  06:24    0,0    3,2    0,0    1,3   11,2  14:09    202
 02   20,8   23,2  17:29   17,1  23:59    0,0    1,6   23,7    0,5    8,6  12:16    216
 03   19,2   27,7  15:45   15,9  05:59    0,0    0,7    2,7    0,8   17,3  16:50    200
 04   19,8   26,6  15:39   15,7  07:49    0,0    1,0    0,0    0,9    8,6  13:15    199
 05   21,4   29,9  15:50   14,7  06:29    0,0    1,9    2,1    1,1   12,2  15:15    171
 06   22,8   30,6  16:44   16,7  06:05    0,0    2,6    0,0    1,2   14,8  16:05    182
 07   23,8   30,3  15:10   18,6  06:41    0,0    3,2    2,4    1,2   17,3  13:58    170
 08   21,0   24,1  12:40   19,3  23:49    0,0    1,7    4,5    1,0   12,2  12:53    197
 09   23,1   31,0  16:48   17,2  05:45    0,0    2,8    0,3    0,6    7,2  14:16    202
 10   24,8   32,7  15:05   17,9  06:11    0,0    3,8    0,0    1,4   17,3  15:21    170
 11   24,6   29,3  16:05   20,7  23:56    0,0    3,7    0,0    1,2   11,2  11:32    208
 12   24,4   34,0  16:19   17,7  06:30    0,0    3,6    0,0    0,7   11,2  16:39    184
 13   22,0   25,1  14:54   17,5  23:53    0,0    2,2   10,8    2,2   17,3  09:29    200
 14   18,2   22,2  16:21   14,8  23:53    0,0    0,1    4,5    1,3   18,4  00:39    200
 15   18,2   25,9  17:12   11,3  05:56    0,0    0,1    0,0    0,9    8,6  12:24    195
 16   19,0   25,6  17:11   15,3  23:58    0,0    0,6    7,5    0,9   11,2  13:10    213
 17   19,2   28,6  16:45   11,9  06:09    0,0    0,6    0,3    0,9    9,7  17:41    177
 18   21,4   29,7  16:54   14,0  06:23    0,0    1,9    0,0    1,2   18,4  15:16    172
 19   22,7   31,4  16:30   15,3  06:33    0,0    2,6    0,0    0,9   12,2  16:50    185
 20   23,7   32,7  17:12   16,5  06:36    0,0    3,2    0,0    0,7    9,7  12:12    192
 21   22,3   26,4  15:22   18,9  23:52    0,0    2,4    0,0    2,3   14,8  09:51    200
 22   20,1   23,9  16:47   16,8  06:45    0,0    1,1    0,0    0,9   11,2  15:52    203
 23   20,9   25,1  16:21   18,3  01:44    0,0    1,6    0,0    0,4    7,2  00:26    202
 24   21,5   30,2  14:41   17,6  23:22    0,0    1,9   46,5    1,2   28,1  17:27    204
 25   21,3   28,2  16:28   17,1  05:41    0,0    1,8    0,0    1,1   12,2  15:57    202
 26   21,2   26,8  15:15   17,5  04:13    0,0    1,8    1,8    0,4    9,7  11:19    193
 27   22,5   29,8  15:43   17,7  06:30    0,0    2,5    0,3    0,7    8,6  13:51    200
 28   23,0   31,1  15:53   17,4  06:24    0,0    2,8    0,0    0,6    8,6  15:57    191
 29   23,1   31,0  16:13   18,7  06:06    0,0    2,8    0,0    0,7    8,6  16:26    195
 30   22,0   27,6  17:13   18,5  06:05    0,0    2,2    0,0    0,3    5,0  09:47    189
 31   22,7   31,5  16:40   16,6  06:48    0,0    2,6    0,0    0,6   11,2  15:37    189
---------------------------------------------------------------------------------------
      21,8   34,0     12   11,3     15    0,0   64,7  107,4    1,0   28,1     24    195
    
Tropske noči (Tmin >= 20): 1
Vroči dnevi (Tmax >= 30): 11
Topli dnevi (Tmax >= 25): 27
Hladni dnevi (Tmin < 0): 0
Ledeni dnevi (Tmax < 0): 0