Vremenska postaja Krtina

46.1507 N| 14.658 E| 316 m | Prikaži na zemljevidu

Vreme na kratko
9,5°C 71% 1025 mbar 0,0 km/h 0,0 km/h 0,0 mm
-1,5°C/h 2%/h 0 mbar/h N/A ( N/A) N/A ( N/A) 0,0 mm/h

20. 10. 2020 22:30:00 CEST

Vremenska statistika za 09-2019

Vremenska postaja:Froggit WH4000
Programska oprema:weewx v3.9.2
WeeWX aktiven:139 d, 8 h, 54 min
Strežnik aktiven:139 d, 8 h, 38 min
                   MONTHLY CLIMATOLOGICAL SUMMARY for sep 2019


NAME: Krtina, Dob, Slovenija                  
ELEV: 316 m    LAT: 46-09.05 N    LONG: 014-39.48 E


                   TEMPERATURE (°C), RAIN (mm), WIND SPEED (km/h)

                                         HEAT   COOL         AVG
      MEAN                               DEG    DEG          WIND                   DOM
DAY   TEMP   HIGH   TIME    LOW   TIME   DAYS   DAYS   RAIN  SPEED   HIGH   TIME    DIR
---------------------------------------------------------------------------------------
 01   22,4   30,9  15:05   16,9  06:32    0,0    2,4    0,0    0,6    7,2  13:51    191
 02   19,3   27,9  13:21   16,1  06:11    0,0    0,7   50,7    1,0   14,8  15:16    194
 03   17,9   23,9  15:49   13,2  23:54    0,1    0,0    8,1    1,5   13,3  11:13    201
 04   16,5   25,4  15:31    9,5  06:57    0,8    0,0    0,0    1,2   17,3  12:51    201
 05   17,3   27,5  16:05    9,6  06:53    0,4    0,0    1,2    1,0   13,3  14:31    200
 06   16,2   17,9  09:57   14,6  20:14    1,0    0,0    6,9    1,6   14,8  10:52    198
 07   16,1   18,6  15:02   14,4  23:56    1,1    0,0   21,6    0,5    8,6  14:11    199
 08   14,6   16,0  14:27   13,6  05:15    1,9    0,0   17,1    1,3   12,2  16:26    197
 09   14,9   21,0  16:39   11,8  06:22    1,7    0,0    7,2    0,6    9,7  13:24    179
 10   14,5   23,7  16:11    9,5  03:25    1,9    0,0    0,0    0,7   11,2  15:40    204
 11   14,8   21,7  15:54    8,2  06:43    1,8    0,0    0,0    0,7   13,3  15:56    196
 12   16,9   26,3  16:13   11,9  04:35    0,6    0,0    0,0    0,8   11,2  14:41    190
 13   17,5   26,8  16:48   10,8  06:37    0,3    0,0    0,0    0,4    6,1  12:05    183
 14   18,1   25,5  15:30   11,5  06:55    0,0    0,0    0,0    0,6    9,7  12:12    200
 15   19,7   26,9  16:21   15,0  06:46    0,0    0,9    0,0    0,5    8,6  13:10    188
 16   19,0   28,9  16:05   12,8  04:40    0,0    0,6    0,0    0,5    6,1  13:05    178
 17   20,2   27,8  15:24   15,0  06:40    0,0    1,2    0,0    1,1   13,3  17:25    179
 18   14,9   19,2  00:00   11,7  23:49    1,7    0,0   14,4    1,2    9,7  08:39    205
 19   13,9   20,1  16:09    9,5  23:49    2,3    0,0    0,6    1,6   17,3  15:05    207
 20   11,5   19,0  16:05    5,9  06:58    3,6    0,0    0,0    1,7   13,3  09:59    210
 21   11,1   20,5  15:29    4,1  07:01    3,9    0,0    0,0    1,0    9,7  13:38    204
 22   11,0   18,6  15:05    4,9  06:52    3,9    0,0    1,5    0,5   11,2  15:29    178
 23   15,3   18,7  12:24   12,7  07:47    1,5    0,0   34,8    0,2    7,2  12:28    192
 24   16,3   19,8  16:20   13,2  23:59    1,0    0,0    0,9    0,3    7,2  11:42    199
 25   14,6   17,0  13:45   12,6  00:58    1,9    0,0    7,2    0,2    5,0  08:44    194
 26   15,8   23,2  16:24   12,4  07:31    1,2    0,0    3,0    0,5    7,2  12:39    202
 27   15,6   23,8  15:43   11,1  04:09    1,3    0,0    0,0    0,7    9,7  16:41    175
 28   16,2   19,7  13:22   13,6  07:27    1,0    0,0    1,5    0,6    9,7  20:07    206
 29   16,3   20,7  15:15   13,9  07:07    1,0    0,0    1,5    0,2    6,1  00:37    198
 30   18,5   24,2  15:08   14,7  07:23    0,0    0,3    0,0    1,8   18,4  10:28    150
---------------------------------------------------------------------------------------
      16,2   30,9     01    4,1     21   35,7    6,2  178,2    0,8   18,4     30    197
    
Tropske noči (Tmin >= 20): 0
Vroči dnevi (Tmax >= 30): 1
Topli dnevi (Tmax >= 25): 10
Hladni dnevi (Tmin < 0): 0
Ledeni dnevi (Tmax < 0): 0