Vremenska postaja Krtina

46.1507 N| 14.658 E| 316 m | Prikaži na zemljevidu

Vreme na kratko
9,6°C 70% 1025 mbar 0,0 km/h 0,0 km/h 0,0 mm
-1,5°C/h 2%/h 0 mbar/h N/A ( N/A) N/A ( N/A) 0,0 mm/h

20. 10. 2020 22:25:00 CEST

Vremenska statistika za 12-2019

Vremenska postaja:Froggit WH4000
Programska oprema:weewx v3.9.2
WeeWX aktiven:139 d, 8 h, 49 min
Strežnik aktiven:139 d, 8 h, 33 min
                   MONTHLY CLIMATOLOGICAL SUMMARY for dec 2019


NAME: Krtina, Dob, Slovenija                  
ELEV: 316 m    LAT: 46-09.05 N    LONG: 014-39.48 E


                   TEMPERATURE (°C), RAIN (mm), WIND SPEED (km/h)

                                         HEAT   COOL         AVG
      MEAN                               DEG    DEG          WIND                   DOM
DAY   TEMP   HIGH   TIME    LOW   TIME   DAYS   DAYS   RAIN  SPEED   HIGH   TIME    DIR
---------------------------------------------------------------------------------------
 01    1,6    3,4  15:25   -0,6  06:41    9,1    0,0    0,6    0,1    3,6  03:15    189
 02    3,5    4,8  14:18    2,8  00:43    8,1    0,0   20,4    0,8    9,7  15:34    214
 03    2,3    8,1  13:50   -1,6  23:15    8,7    0,0    0,3    0,7   13,3  14:25    208
 04   -0,1    6,3  13:35   -3,0  07:54   10,1    0,0    0,0    0,5    8,6  13:57    203
 05   -0,9    1,9  14:15   -3,7  23:49   10,5    0,0    0,0    0,5    7,2  08:39    201
 06   -0,8    4,5  14:45   -4,9  07:45   10,4    0,0    0,0    0,3    6,1  02:24    193
 07    1,4    9,3  14:14   -2,7  07:26    9,2    0,0    0,0    0,2    6,1  16:37    201
 08    1,1    5,7  15:10   -2,5  07:07    9,4    0,0    0,0    0,1    6,1  15:41    188
 09    6,2    9,2  13:54    3,5  00:00    6,6    0,0    7,8    0,3    6,1  20:24    301
 10    3,1    7,8  13:46   -1,4  23:57    8,3    0,0    0,0    0,4    8,6  16:05    215
 11   -1,4    6,6  13:53   -5,5  07:16   10,8    0,0    0,0    0,2    5,0  10:49    195
 12   -1,8    0,6  14:54   -5,3  03:08   11,0    0,0    0,0    0,1    5,0  12:28    212
 13    0,5    2,1  14:50   -1,1  05:58    9,7    0,0    9,9    0,0    8,6  23:48    242
 14    0,9    2,3  01:44   -0,7  19:46    9,5    0,0    4,5    0,3    7,2  01:36    201
 15    0,9    3,5  23:41   -1,2  05:22    9,5    0,0    0,3    0,2    3,6  00:41    197
 16    6,5    9,7  15:44    3,5  00:00    6,4    0,0    0,0    0,1    3,6  03:02    193
 17   10,2   14,0  15:16    7,0  04:10    4,3    0,0    0,0    0,2    8,6  13:35    297
 18    8,9   13,9  13:32    5,0  06:44    5,1    0,0    0,0    0,2    6,1  12:44    326
 19    9,8   11,3  13:02    8,3  00:00    4,6    0,0    2,1    0,1    3,6  01:12    173
 20    9,4   12,7  14:32    6,2  04:54    4,8    0,0    3,3    1,0   19,4  12:36    124
 21    9,7   11,4  17:04    8,3  23:47    4,6    0,0   19,2    0,6   14,8  17:38    191
 22    7,1    8,3  00:00    5,5  23:56    6,1    0,0   16,2    0,1    6,1  13:20    199
 23    5,1    8,5  14:36    2,3  23:58    7,2    0,0    0,0    0,3    7,2  16:57    335
 24    2,8    9,2  14:07   -1,2  08:11    8,4    0,0    0,3    0,3    5,0  10:52    189
 25    1,8    9,3  14:05   -2,2  07:59    9,0    0,0    0,0    0,3    6,1  20:50    198
 26    2,1    9,9  13:45   -1,9  07:52    8,9    0,0    0,3    0,3    6,1  00:28    197
 27    2,0    5,0  13:57    0,1  05:27    8,9    0,0    0,0    0,1    5,0  13:49    192
 28   -0,1    5,9  13:58   -3,3  23:55   10,0    0,0    0,0    0,4    9,7  18:18    203
 29   -2,2    4,1  13:54   -6,3  07:27   11,2    0,0    0,0    0,6    9,7  13:35    203
 30   -3,0    3,7  13:57   -7,5  08:04   11,7    0,0    0,0    0,2    6,1  12:38    194
 31   -1,3    5,0  14:05   -5,2  04:16   10,7    0,0    0,0    0,2    6,1  17:36    199
---------------------------------------------------------------------------------------
       2,7   14,0     17   -7,5     30  262,7    0,0   85,2    0,3   19,4     20    202
    
Tropske noči (Tmin >= 20): 0
Vroči dnevi (Tmax >= 30): 0
Topli dnevi (Tmax >= 25): 0
Hladni dnevi (Tmin < 0): 0
Ledeni dnevi (Tmax < 0): 20