Vremenska postaja Krtina

46.1507 N| 14.658 E| 316 m | Prikaži na zemljevidu

Vreme na kratko
11,1°C 68% 1025 mbar 0,0 km/h 0,0 km/h 0,0 mm
N/A/h N/A/h N/A/h N/A ( N/A) N/A ( N/A) 0,0 mm/h

20. 10. 2020 21:25:00 CEST

Vremenska statistika za 01-2020

Vremenska postaja:Froggit WH4000
Programska oprema:weewx v3.9.2
WeeWX aktiven:139 d, 7 h, 49 min
Strežnik aktiven:139 d, 7 h, 33 min
                   MONTHLY CLIMATOLOGICAL SUMMARY for jan 2020


NAME: Krtina, Dob, Slovenija                  
ELEV: 316 m    LAT: 46-09.05 N    LONG: 014-39.48 E


                   TEMPERATURE (°C), RAIN (mm), WIND SPEED (km/h)

                                         HEAT   COOL         AVG
      MEAN                               DEG    DEG          WIND                   DOM
DAY   TEMP   HIGH   TIME    LOW   TIME   DAYS   DAYS   RAIN  SPEED   HIGH   TIME    DIR
---------------------------------------------------------------------------------------
 01   -1,1    7,4  13:58   -5,5  07:56   10,6    0,0    0,0    0,2    5,0  13:02    193
 02   -2,9    3,5  13:58   -5,8  06:18   11,6    0,0    0,0    0,1    3,6  10:03    197
 03   -2,6    3,7  14:30   -7,3  07:47   11,5    0,0    0,0    0,1    3,6  10:29    185
 04   -0,2    5,6  13:08   -4,5  08:19   10,1    0,0    0,0    0,2    7,2  23:23    193
 05    1,0    9,5  13:19   -3,9  23:55    9,4    0,0    0,0    1,1   12,2  11:41    213
 06   -2,1    3,2  15:45   -5,3  23:59   11,2    0,0    0,0    0,0    2,5  00:15     16
 07   -3,1    3,9  14:05   -7,5  07:50   11,7    0,0    0,0    0,2    5,0  14:12    190
 08   -2,4    6,3  14:10   -7,5  07:35   11,3    0,0    0,0    0,2    5,0  11:38    196
 09    0,5    8,8  14:11   -3,4  00:00    9,7    0,0    0,0    0,2    5,0  10:49    197
 10    1,0   11,6  13:55   -4,4  08:10    9,4    0,0    0,0    0,6   13,3  14:55    155
 11    0,6    9,3  14:40   -4,4  07:43    9,7    0,0    0,0    0,2    5,0  13:06    196
 12    2,2    9,7  14:34   -3,0  23:46    8,8    0,0    0,0    0,3    7,2  11:56    192
 13   -2,3    2,5  14:30   -5,4  05:45   11,3    0,0    0,0    0,1    5,0  13:38    193
 14    0,8    9,5  14:31   -3,8  08:20    9,6    0,0    0,0    0,5   11,2  14:40    195
 15    1,3    9,0  14:42   -4,2  07:26    9,3    0,0    0,0    0,3   12,2  15:18    184
 16    2,1    8,2  14:42   -3,1  08:15    8,8    0,0    0,0    0,2    3,6  00:07    195
 17    2,2    6,8  14:25   -1,6  08:18    8,8    0,0    0,0    0,1    6,1  13:42    188
 18    1,4    1,9  12:51    0,8  23:48    9,2    0,0    0,3    0,0    3,6  14:49    221
 19    2,0    7,9  14:17   -2,2  23:22    8,9    0,0    0,0    0,5    8,6  15:06    206
 20    0,8    4,5  13:25   -3,2  03:05    9,6    0,0    0,0    0,6   12,2  12:21    218
 21    0,7    7,6  14:24   -3,6  23:53    9,6    0,0    0,0    0,3    6,1  12:05    196
 22    0,5   12,4  14:56   -5,2  07:36    9,7    0,0    0,0    0,5    9,7  18:14    240
 23   -1,4    5,4  14:55   -5,0  07:59   10,8    0,0    0,0    0,1    5,0  13:35    194
 24   -1,3    7,4  14:54   -6,0  04:11   10,7    0,0    0,0    0,3    5,0  11:43    200
 25    2,8    8,6  15:46   -1,6  00:00    8,5    0,0    0,6    0,2    5,0  01:08    339
 26    4,7    7,4  15:18    3,0  00:52    7,4    0,0    0,9    0,1    3,6  12:49    196
 27    4,7    5,7  16:15    3,5  23:45    7,4    0,0    0,3    0,1    5,0  10:38    203
 28    5,6    8,6  14:41    2,8  02:13    6,9    0,0   11,4    0,3    8,6  20:13    228
 29    4,5   10,4  15:09   -0,3  23:26    7,5    0,0    0,0    0,5    9,7  04:26    207
 30    1,3    8,5  14:53   -2,1  08:20    9,3    0,0    0,0    0,2    6,1  13:24    199
 31    6,3   13,0  14:59    1,8  00:00    6,5    0,0    0,0    1,2   18,4  16:51    188
---------------------------------------------------------------------------------------
       1,0   13,0     31   -7,5     07  294,7    0,0   13,5    0,3   18,4     31    202
    
Tropske noči (Tmin >= 20): 0
Vroči dnevi (Tmax >= 30): 0
Topli dnevi (Tmax >= 25): 0
Hladni dnevi (Tmin < 0): 0
Ledeni dnevi (Tmax < 0): 26