Vremenska postaja Krtina

46.1507 N| 14.658 E| 316 m | Prikaži na zemljevidu

Vreme na kratko
9,2°C 71% 1025 mbar 0,0 km/h 0,0 km/h 0,0 mm
-1,7°C/h 2%/h 0 mbar/h N/A ( N/A) N/A ( N/A) 0,0 mm/h

20. 10. 2020 22:40:00 CEST

Vremenska statistika za 02-2020

Vremenska postaja:Froggit WH4000
Programska oprema:weewx v3.9.2
WeeWX aktiven:139 d, 9 h, 4 min
Strežnik aktiven:139 d, 8 h, 48 min
                   MONTHLY CLIMATOLOGICAL SUMMARY for feb 2020


NAME: Krtina, Dob, Slovenija                  
ELEV: 316 m    LAT: 46-09.05 N    LONG: 014-39.48 E


                   TEMPERATURE (°C), RAIN (mm), WIND SPEED (km/h)

                                         HEAT   COOL         AVG
      MEAN                               DEG    DEG          WIND                   DOM
DAY   TEMP   HIGH   TIME    LOW   TIME   DAYS   DAYS   RAIN  SPEED   HIGH   TIME    DIR
---------------------------------------------------------------------------------------
 01    7,8   11,4  14:37    4,6  00:00    5,7    0,0    0,0    0,5    7,2  15:27    202
 02    8,3   11,2  13:05    4,3  04:24    5,4    0,0    0,0    0,9    8,6  21:26    314
 03   10,2   12,6  14:57    8,4  03:49    4,3    0,0    0,0    0,4    7,2  00:12    307
 04    7,2   11,3  15:25    2,3  22:17    6,0    0,0    9,9    0,9   19,4  10:09    259
 05    4,4    9,0  13:56    0,4  06:06    7,6    0,0    1,5    3,0   25,6  18:28    323
 06    4,1   12,6  15:12   -2,0  23:55    7,7    0,0    0,0    1,1   22,0  01:37    218
 07    0,9   10,5  15:13   -4,6  07:02    9,5    0,0    0,0    0,3    6,1  12:05    220
 08    0,9   10,7  14:53   -4,9  07:16    9,5    0,0    0,0    0,2    6,1  11:14    209
 09    2,8   11,1  14:10   -4,3  07:28    8,4    0,0    0,0    0,9   18,4  13:36    223
 10    7,9   10,3  11:34    6,2  00:00    5,6    0,0    3,0    1,1   13,3  11:13    312
 11    8,7   14,6  13:34    5,4  23:57    5,2    0,0    2,1    1,1   14,8  22:19    216
 12    5,2   13,2  14:36   -0,5  23:53    7,1    0,0    0,0    0,4    8,6  13:05    217
 13    4,2   11,5  14:59   -2,3  07:19    7,6    0,0    0,0    0,6   20,9  19:17    239
 14    7,5   16,7  15:05    1,3  23:47    5,8    0,0    2,4    0,5    7,2  13:08    209
 15    4,4   13,6  14:24   -1,4  07:37    7,6    0,0    0,0    0,3    5,0  10:49    203
 16    5,4   14,5  14:06   -1,9  07:29    7,0    0,0    0,0    1,5   18,4  15:44    174
 17    8,7   11,0  14:54    5,8  03:00    5,2    0,0    0,0    1,2   12,2  11:05    281
 18    8,8   11,5  15:02    4,0  23:55    5,1    0,0    0,0    0,4    8,6  14:42    211
 19    6,9   12,4  13:36    3,2  23:55    6,1    0,0    0,3    0,8   12,2  12:36    212
 20    3,3   10,6  16:43   -2,4  07:23    8,2    0,0    0,0    0,3    6,1  12:18    208
 21    4,1   15,8  15:05   -2,9  07:12    7,7    0,0    0,0    0,7    9,7  15:11    215
 22    5,6   14,8  14:38   -0,4  00:15    6,9    0,0    0,0    1,1   17,3  16:09    185
 23    7,0   14,1  15:07    1,6  06:31    6,1    0,0    0,0    1,0   15,8  17:58    239
 24    7,5   12,2  11:10    4,3  04:33    5,8    0,0    0,0    0,7   12,2  11:50    214
 25    7,7   10,0  17:57    5,3  02:27    5,7    0,0    6,6    0,8   12,2  15:16    181
 26    5,4   11,2  10:31    1,0  23:46    7,0    0,0   13,5    1,0   24,5  11:05    201
 27    3,6    9,1  14:08    0,5  07:17    8,0    0,0   11,1    0,7   11,2  15:55    236
 28    4,6   12,0  14:10   -1,5  23:52    7,4    0,0    1,2    1,2   14,8  14:18    305
 29    4,6   12,8  13:30   -3,0  06:14    7,4    0,0    0,0    1,6   23,4  12:53    308
---------------------------------------------------------------------------------------
       5,8   16,7     14   -4,9     08  196,9    0,0   51,6    0,9   25,6     05    249
    
Tropske noči (Tmin >= 20): 0
Vroči dnevi (Tmax >= 30): 0
Topli dnevi (Tmax >= 25): 0
Hladni dnevi (Tmin < 0): 0
Ledeni dnevi (Tmax < 0): 13