Vremenska postaja Krtina

46.1507 N| 14.658 E| 316 m | Prikaži na zemljevidu

Vreme na kratko
10,1°C 70% 1025 mbar 0,0 km/h 0,0 km/h 0,0 mm
-1,3°C/h 3%/h 0 mbar/h N/A ( N/A) N/A ( N/A) 0,0 mm/h

20. 10. 2020 22:10:00 CEST

Vremenska statistika za 03-2020

Vremenska postaja:Froggit WH4000
Programska oprema:weewx v3.9.2
WeeWX aktiven:139 d, 8 h, 34 min
Strežnik aktiven:139 d, 8 h, 18 min
                   MONTHLY CLIMATOLOGICAL SUMMARY for mar 2020


NAME: Krtina, Dob, Slovenija                  
ELEV: 316 m    LAT: 46-09.05 N    LONG: 014-39.48 E


                   TEMPERATURE (°C), RAIN (mm), WIND SPEED (km/h)

                                         HEAT   COOL         AVG
      MEAN                               DEG    DEG          WIND                   DOM
DAY   TEMP   HIGH   TIME    LOW   TIME   DAYS   DAYS   RAIN  SPEED   HIGH   TIME    DIR
---------------------------------------------------------------------------------------
 01    8,0    9,4  12:54    6,8  07:37    5,6    0,0   18,9    0,2    7,2  00:05    267
 02    9,2   13,6  12:28    6,9  00:38    4,9    0,0    5,7    1,7   14,8  10:06    184
 03    8,0   12,0  11:29    5,3  19:19    5,6    0,0    9,3    0,6   12,2  15:48    241
 04    5,9    9,3  14:21    1,5  23:57    6,7    0,0    0,6    0,4    7,2  13:10    206
 05    4,0   10,3  15:21   -2,0  07:03    7,8    0,0    0,0    0,4    7,2  19:48    240
 06    4,7    6,8  16:33    2,4  22:45    7,4    0,0    8,7    0,2    6,1  00:00    193
 07    2,8    2,9  00:16    2,7  00:00    8,4    0,0    0,0    0,4    2,5  00:00     60
 08
 09
 10
 11
 12
 13
 14
 15
 16
 17
 18
 19
 20
 21
 22
 23
 24
 25
 26
 27
 28
 29
 30    3,7    4,8  13:26    2,8  22:16    7,9    0,0    0,0    2,7   19,4  12:17    206
 31    3,7    9,5  15:05   -1,4  07:29    8,0    0,0    0,0    2,4   20,9  14:24    207
---------------------------------------------------------------------------------------
       6,0   13,6     02   -2,0     05   62,2    0,0   43,2    1,0   20,9     31    206
    
Tropske noči (Tmin >= 20): 0
Vroči dnevi (Tmax >= 30): 0
Topli dnevi (Tmax >= 25): 0
Hladni dnevi (Tmin < 0): 0
Ledeni dnevi (Tmax < 0): 2