Vremenska postaja Krtina

46.1507 N| 14.658 E| 316 m | Prikaži na zemljevidu

Vreme na kratko
8,7°C 72% 1025 mbar 0,0 km/h 0,0 km/h 0,0 mm
-1,7°C/h 2%/h 0 mbar/h N/A ( N/A) N/A ( N/A) 0,0 mm/h

20. 10. 2020 23:00:00 CEST

Vremenska statistika za 05-2020

Vremenska postaja:Froggit WH4000
Programska oprema:weewx v3.9.2
WeeWX aktiven:139 d, 9 h, 24 min
Strežnik aktiven:139 d, 9 h, 8 min
                   MONTHLY CLIMATOLOGICAL SUMMARY for maj 2020


NAME: Krtina, Dob, Slovenija                  
ELEV: 316 m    LAT: 46-09.05 N    LONG: 014-39.48 E


                   TEMPERATURE (°C), RAIN (mm), WIND SPEED (km/h)

                                         HEAT   COOL         AVG
      MEAN                               DEG    DEG          WIND                   DOM
DAY   TEMP   HIGH   TIME    LOW   TIME   DAYS   DAYS   RAIN  SPEED   HIGH   TIME    DIR
---------------------------------------------------------------------------------------
 01   14,0   19,4  15:06   10,5  07:06    2,2    0,0   10,2    0,8   15,8  15:51    199
 02   13,2   20,7  13:14    9,3  06:15    2,6    0,0    2,4    1,1   25,6  16:37    189
 03   12,3   19,0  16:10    6,1  06:29    3,2    0,0    2,1    1,5   14,8  15:19    198
 04   12,8   22,7  16:10    4,0  06:13    2,9    0,0    0,0    1,6   13,3  16:52    178
 05   12,0   16,2  15:05    6,8  05:41    3,3    0,0    0,3    0,8    8,6  22:28    191
 06   12,1   17,7  17:07    7,5  23:52    3,3    0,0    1,5    2,5   13,3  16:06    193
 07   13,0   23,6  16:24    2,9  05:57    2,8    0,0    0,0    1,4   13,3  14:38    182
 08   15,8   25,5  14:32    6,5  06:08    1,2    0,0    0,0    2,6   22,0  16:56    166
 09   17,2   26,3  15:07    7,6  05:36    0,5    0,0    0,0    2,0   18,4  15:24    166
 10   17,6   25,0  16:30    9,8  06:20    0,2    0,0    0,0    2,0   15,8  16:19    140
 11   14,7   19,8  17:27   12,3  06:20    1,8    0,0    4,2    1,0   17,3  17:38    185
 12    9,8   14,0  00:00    7,3  10:45    4,6    0,0   22,5    1,7   18,4  09:31    197
 13   11,6   18,1  18:06    7,1  01:23    3,5    0,0    3,3    0,5    6,1  11:42    191
 14   17,5   26,3  15:02   10,8  06:05    0,3    0,0    0,6    2,4   18,4  19:05    197
 15   13,2   15,8  14:36   10,4  23:57    2,7    0,0   13,5    2,1   14,8  22:16    201
 16   11,9   15,8  15:15    9,1  05:36    3,4    0,0    5,4    0,8    9,7  00:00    197
 17   15,0   19,8  15:46   11,0  03:19    1,7    0,0    2,4    0,5    8,6  14:10    199
 18   17,0   24,0  15:08    9,5  06:06    0,6    0,0    0,0    1,4   13,3  14:18    195
 19   14,9   17,2  11:10   13,5  05:55    1,7    0,0    8,7    0,4    8,6  09:47    194
 20   16,2   21,4  17:31   12,1  23:58    1,0    0,0    0,9    2,5   17,3  13:37    196
 21   17,1   23,7  15:26   11,1  04:06    0,5    0,0    0,0    2,8   18,4  11:29    203
 22   16,4   24,0  15:35    8,2  06:06    0,9    0,0    0,0    1,1   13,3  17:50    165
 23   19,0   26,1  15:51   14,0  04:32    0,0    0,6    3,0    1,3   15,8  15:53    144
 24   16,5   21,8  14:49   10,8  23:57    0,8    0,0   14,4    1,1    9,7  14:13    200
 25   14,8   22,9  16:18    9,3  06:18    1,8    0,0    0,3    1,2    9,7  16:05    209
 26   15,2   21,7  16:06   10,9  05:33    1,5    0,0    0,0    1,3   19,4  17:44    224
 27   15,5   23,4  16:50    7,6  05:48    1,4    0,0    0,0    1,5   13,3  12:23    205
 28   13,0   21,3  15:59    6,6  05:43    2,8    0,0    1,5    0,7   11,2  18:49    208
 29   13,5   21,0  16:04    5,7  05:25    2,5    0,0    0,0    1,6   25,6  16:06    208
 30   13,8   17,9  11:04    9,7  06:36    2,4    0,0    0,0    0,4    9,7  11:02    204
 31   12,0   18,4  16:05    4,5  05:39    3,3    0,0    0,6    0,8   11,2  17:09    200
---------------------------------------------------------------------------------------
      14,5   26,3     09    2,9     07   61,4    0,6   97,8    1,4   25,6     02    194
    
Tropske noči (Tmin >= 20): 0
Vroči dnevi (Tmax >= 30): 0
Topli dnevi (Tmax >= 25): 5
Hladni dnevi (Tmin < 0): 0
Ledeni dnevi (Tmax < 0): 0