Vremenska postaja Krtina

46.1507 N| 14.658 E| 316 m | Prikaži na zemljevidu

Vreme na kratko
9,5°C 71% 1025 mbar 0,0 km/h 0,0 km/h 0,0 mm
-1,5°C/h 2%/h 0 mbar/h N/A ( N/A) N/A ( N/A) 0,0 mm/h

20. 10. 2020 22:30:00 CEST

Vremenska statistika za 06-2020

Vremenska postaja:Froggit WH4000
Programska oprema:weewx v3.9.2
WeeWX aktiven:139 d, 8 h, 54 min
Strežnik aktiven:139 d, 8 h, 38 min
                   MONTHLY CLIMATOLOGICAL SUMMARY for jun 2020


NAME: Krtina, Dob, Slovenija                  
ELEV: 316 m    LAT: 46-09.05 N    LONG: 014-39.48 E


                   TEMPERATURE (°C), RAIN (mm), WIND SPEED (km/h)

                                         HEAT   COOL         AVG
      MEAN                               DEG    DEG          WIND                   DOM
DAY   TEMP   HIGH   TIME    LOW   TIME   DAYS   DAYS   RAIN  SPEED   HIGH   TIME    DIR
---------------------------------------------------------------------------------------
 01   16,7   23,9  16:26   11,1  05:53    0,7    0,0    0,0    1,3   12,2  14:05    207
 02   17,5   24,8  16:00   11,3  05:21    0,3    0,0    0,0    1,0   15,8  16:00    205
 03   18,5   26,9  16:11   11,8  05:18    0,0    0,3    0,0    1,4   18,4  18:15    171
 04   16,9   21,6  11:06   14,2  05:58    0,6    0,0    2,1    1,5   18,4  11:17    214
 05   15,1   18,3  11:13   14,0  04:10    1,6    0,0   25,5    0,5    8,6  12:59    243
 06   18,1   24,0  14:07   13,9  06:13    0,0    0,0    0,3    1,0   17,3  14:44    197
 07   18,3   25,5  15:44   12,2  05:13    0,0    0,2    2,7    1,0   12,2  13:59    183
 08   15,0   16,1  00:00   13,8  12:22    1,6    0,0   26,4    1,1   12,2  14:47    203
 09   15,6   19,3  17:56   13,5  07:34    1,3    0,0   16,8    0,5    7,2  14:15    193
 10   15,7   21,6  16:18   12,7  04:22    1,3    0,0    1,5    0,7   11,2  17:59    192
 11   16,4   23,7  16:53    9,7  04:31    0,9    0,0    0,6    1,3   23,4  12:36    185
 12   18,0   25,3  14:08   10,2  05:54    0,0    0,0    0,0    2,5   18,4  14:22    167
 13   20,1   28,0  15:58   12,5  05:17    0,0    1,2    0,0    1,9   17,3  18:45    168
 14   19,2   25,8  16:50   13,5  05:19    0,0    0,7    0,0    1,1   13,3  12:02    157
 15   17,7   19,9  17:28   16,1  07:05    0,2    0,0   13,2    0,3    5,0  10:25    197
 16   19,0   22,6  12:38   16,4  05:30    0,0    0,5    0,0    0,5    8,6  15:53    203
 17   19,5   25,5  17:08   15,5  05:04    0,0    0,8    0,3    0,9   11,2  14:06    214
 18   19,9   26,9  15:53   13,0  05:42    0,0    1,0    0,0    1,4   18,4  16:26    212
 19   18,2   24,0  11:57   14,8  23:44    0,0    0,1    6,3    0,7   13,3  12:12    227
 20   18,2   23,2  17:17   14,3  05:16    0,0    0,1    1,2    0,4    8,6  13:02    204
 21   17,8   23,4  16:31   15,2  05:37    0,1    0,0    1,5    0,4    7,2  15:38    209
 22   21,3   30,1  16:09   13,4  05:16    0,0    1,8    0,0    1,1   14,8  14:45    315
 23   21,8   29,9  17:08   13,7  05:59    0,0    2,1    2,1    1,4   12,2  13:12    199
 24   19,9   27,3  16:36   12,4  06:15    0,0    1,1    0,3    1,4   11,2  12:55    201
 25   16,6   18,3  00:00   15,4  23:36    0,8    0,0   27,6    0,6   11,2  16:52    210
 26   20,1   28,1  17:10   14,9  04:39    0,0    1,2    0,3    0,8    9,7  18:12    185
 27   22,3   30,3  16:07   14,2  05:59    0,0    2,4    0,0    1,6   18,4  13:52    176
 28   24,0   32,0  16:43   16,1  05:44    0,0    3,3    0,0    0,8    9,7  17:25    195
 29   21,6   30,7  14:31   16,8  06:30    0,0    2,0    0,0    1,4   15,8  15:31    201
 30   21,0   27,6  17:05   16,5  04:58    0,0    1,7    0,0    0,7    7,2  12:54    219
---------------------------------------------------------------------------------------
      18,7   32,0     28    9,7     11    9,3   20,5  128,7    1,0   23,4     11    195
    
Tropske noči (Tmin >= 20): 0
Vroči dnevi (Tmax >= 30): 4
Topli dnevi (Tmax >= 25): 15
Hladni dnevi (Tmin < 0): 0
Ledeni dnevi (Tmax < 0): 0