Vremenska postaja Krtina

46.1507 N| 14.658 E| 316 m | Prikaži na zemljevidu

Vreme na kratko
10,4°C 70% 1025 mbar 0,0 km/h 0,0 km/h 0,0 mm
-1,2°C/h 3%/h -0 mbar/h N/A ( N/A) N/A ( N/A) 0,0 mm/h

20. 10. 2020 22:00:00 CEST

Vremenska statistika za 07-2020

Vremenska postaja:Froggit WH4000
Programska oprema:weewx v3.9.2
WeeWX aktiven:139 d, 8 h, 24 min
Strežnik aktiven:139 d, 8 h, 8 min
                   MONTHLY CLIMATOLOGICAL SUMMARY for jul 2020


NAME: Krtina, Dob, Slovenija                  
ELEV: 316 m    LAT: 46-09.05 N    LONG: 014-39.48 E


                   TEMPERATURE (°C), RAIN (mm), WIND SPEED (km/h)

                                         HEAT   COOL         AVG
      MEAN                               DEG    DEG          WIND                   DOM
DAY   TEMP   HIGH   TIME    LOW   TIME   DAYS   DAYS   RAIN  SPEED   HIGH   TIME    DIR
---------------------------------------------------------------------------------------
 01   23,4   31,6  15:57   16,6  05:57    0,0    3,0    0,0    0,7   12,2  16:05    195
 02   22,8   30,3  13:16   17,5  05:44    0,0    2,7    0,6    0,7   13,3  14:44    220
 03   19,5   22,2  17:24   17,0  23:55    0,0    0,8   12,6    0,5    7,2  16:49    203
 04   19,8   26,6  16:32   14,5  03:26    0,0    1,0    1,5    1,3   13,3  11:48    206
 05   21,2   29,9  16:32   12,8  05:58    0,0    1,8    0,0    1,0   11,2  13:22    197
 06   23,0   31,0  15:08   15,6  06:12    0,0    2,8   13,8    1,2   15,8  13:02    211
 07   17,4   23,7  16:05   12,6  04:46    0,3    0,0   15,9    1,3   13,3  14:57    212
 08   18,9   27,2  16:34   10,7  06:05    0,0    0,5    0,0    0,7    8,6  11:42    206
 09   21,4   29,9  15:46   13,5  05:22    0,0    1,9    0,0    0,8    9,7  17:55    202
 10   23,2   32,3  16:59   14,8  06:11    0,0    2,9    0,0    0,6    9,7  16:30    200
 11   20,1   27,9  13:28   15,4  05:37    0,0    1,2   11,1    1,3   14,8  16:54    211
 12   18,3   24,1  16:32   13,8  23:55    0,0    0,2    0,3    2,7   17,3  17:39    205
 13   17,4   25,3  16:29   10,1  05:54    0,3    0,0    0,0    2,2   17,3  13:29    208
 14   17,7   24,7  14:52   10,1  05:43    0,2    0,0    0,0    1,8   17,3  10:38    208
 15   19,0   27,4  16:32   11,3  06:10    0,0    0,5    0,0    0,8    8,6  15:23    198
 16   19,3   26,6  14:33   15,1  04:38    0,0    0,7    7,5    0,9   15,8  13:13    207
 17   18,0   22,1  17:19   14,6  23:55    0,0    0,0    5,7    1,7   14,8  11:22    208
 18   16,4   21,4  13:33   11,7  05:43    0,9    0,0    0,0    0,6   11,2  14:35    198
 19   18,5   25,5  14:50   11,1  05:19    0,0    0,3    0,0    0,6    8,6  11:10    195
 20   22,7   30,7  16:52   15,5  06:20    0,0    2,6    0,0    0,9    9,7  13:13    196
 21   23,1   31,9  17:10   15,8  05:50    0,0    2,8    0,0    0,6    9,7  14:17    192
 22   21,6   30,9  15:21   17,2  06:18    0,0    2,0   17,1    1,1   12,2  14:53    206
 23   22,2   30,3  15:58   17,2  06:22    0,0    2,3    1,2    1,3   14,8  14:03    206
 24   19,5   24,9  13:29   17,0  06:52    0,0    0,9    7,8    0,7   11,2  13:18    205
 25   20,1   27,6  16:18   16,6  06:10    0,0    1,2    4,2    0,5    9,7  11:39    199
 26   21,0   30,1  16:20   14,5  06:16    0,0    1,6    0,0    0,7    8,6  12:24    207
 27   23,2   30,9  16:28   16,8  06:13    0,0    2,9    0,0    0,8    9,7  17:51    204
 28   24,6   34,0  16:26   17,2  05:40    0,0    3,7    0,0    0,7    9,7  17:11    190
 29   25,5   32,8  15:34   18,9  06:15    0,0    4,2   16,2    1,6   12,2  12:45    212
 30   24,3   31,6  16:38   18,9  04:18    0,0    3,5    0,0    0,1    8,6  14:24    201
 31   24,9   31,6  13:40   20,2  05:49    0,0    3,8    0,0    0,0    7,2  14:25    337
---------------------------------------------------------------------------------------
      20,9   34,0     28   10,1     13    1,8   51,9  115,5    1,0   17,3     12    205
    
Tropske noči (Tmin >= 20): 1
Vroči dnevi (Tmax >= 30): 14
Topli dnevi (Tmax >= 25): 24
Hladni dnevi (Tmin < 0): 0
Ledeni dnevi (Tmax < 0): 0