Vremenska postaja Krtina

46.1507 N| 14.658 E| 316 m | Prikaži na zemljevidu

Vreme na kratko
11,0°C 69% 1025 mbar 0,0 km/h 0,0 km/h 0,0 mm
N/A/h N/A/h N/A/h N/A ( N/A) N/A ( N/A) 0,0 mm/h

20. 10. 2020 21:30:00 CEST

Vremenska statistika za 08-2020

Vremenska postaja:Froggit WH4000
Programska oprema:weewx v3.9.2
WeeWX aktiven:139 d, 7 h, 54 min
Strežnik aktiven:139 d, 7 h, 38 min
                   MONTHLY CLIMATOLOGICAL SUMMARY for avg 2020


NAME: Krtina, Dob, Slovenija                  
ELEV: 316 m    LAT: 46-09.05 S    LONG: 14-39.48 V


                   TEMPERATURE (°C), RAIN (mm), WIND SPEED (km/h)

                                         HEAT   COOL         AVG
      MEAN                               DEG    DEG          WIND                   DOM
DAY   TEMP   HIGH   TIME    LOW   TIME   DAYS   DAYS   RAIN  SPEED   HIGH   TIME    DIR
---------------------------------------------------------------------------------------
 01   25,9   33,0  16:18   21,1  05:27    0,0    4,4    0,0    0,0    6,1  15:10    200
 02   20,9   24,2  00:00   18,5  22:55    0,0    1,6   15,9    0,0    3,6  07:12    225
 03   19,7   22,7  12:52   17,0  23:53    0,0    1,0   22,2    0,0   13,3  19:38    161
 04   18,7   23,5  13:15   16,0  04:34    0,0    0,4    2,4    0,0   12,2  18:06    194
 05   17,6   22,5  17:26   15,4  05:41    0,2    0,0    1,2    0,1    9,7  17:34    206
 06   21,3   27,5  14:46   17,0  05:16    0,0    1,8    0,0    0,2   11,2  18:07    200
 07   23,0   31,2  15:05   16,8  06:13    0,0    2,8    0,0    0,3   13,3  15:27    206
 08   23,4   32,1  15:34   15,9  06:12    0,0    3,0    0,0    0,4   12,2  14:45    202
 09   23,6   31,9  16:45   16,8  06:09    0,0    3,1    0,0    0,0    7,2  16:05    219
 10   24,3   32,2  15:38   18,0  06:08    0,0    3,5    0,0    0,0    8,6  16:22    212
 11   22,7   28,3  14:05   18,2  06:37    0,0    2,6    0,0    0,0    8,6  13:47    337
 12   22,7   29,0  13:52   17,2  04:49    0,0    2,6    0,3    0,0    7,2  16:12    190
 13   24,1   31,6  16:02   18,6  05:07    0,0    3,4    0,0    0,0    7,2  15:18    201
 14   22,0   30,3  14:31   18,1  22:19    0,0    2,2    5,1    0,1    9,7  15:14    191
 15   21,3   28,4  16:19   17,4  02:23    0,0    1,8    2,1    0,0    5,0  17:43    213
 16   22,4   28,4  16:31   17,9  06:30    0,0    2,5    0,0    0,0    6,1  12:19    205
 17   22,4   30,7  16:05   18,7  02:50    0,0    2,4    6,3    0,0    7,2  15:39    162
 18   19,9   23,6  17:14   16,9  06:52    0,0    1,1    0,3    0,0    2,5  11:39     90
 19   20,7   28,5  15:23   15,6  06:09    0,0    1,5    0,0    0,0    5,0  16:46    198
 20   21,8   30,7  16:52   14,3  06:37    0,0    2,1    0,0    0,0    3,6  09:09    168
 21   23,8   32,7  15:58   17,0  06:15    0,0    3,2    0,0    0,0    6,1  16:05    189
 22   24,5   32,5  15:18   18,1  06:11    0,0    3,6    0,0    0,0    8,6  16:46    199
 23   21,5   25,0  17:13   19,8  06:24    0,0    2,0    0,0    0,1   11,2  17:18    211
 24   19,3   23,4  17:25   16,3  23:32    0,0    0,7    3,0    0,0    8,6  17:30    219
 25   20,1   27,5  16:15   15,5  07:40    0,0    1,2    0,0    0,1    8,6  11:16    203
 26   20,1   28,3  14:45   13,4  06:10    0,0    1,2    0,0    0,0    9,7  13:51    194
 27   21,4   29,6  16:12   14,8  06:28    0,0    1,9    0,0    0,1    8,6  11:08    207
 28   21,8   29,8  15:56   15,6  06:34    0,0    2,1    0,0    0,1    7,2  14:33    214
 29   23,8   30,3  13:20   19,6  01:48    0,0    3,2    0,3    0,0    7,2  12:58    220
 30   19,9   23,4  13:07   17,3  06:45    0,0    1,1   20,4    0,0    6,1  14:24    197
 31   16,8   19,3  13:27   13,9  23:23    0,7    0,0   19,2    0,0    8,6  14:32    201
---------------------------------------------------------------------------------------
      21,6   33,0     01   13,4     26    0,9   63,8   98,7    0,1   13,3     03    204
    
Tropske noči (Tmin >= 20): 1
Vroči dnevi (Tmax >= 30): 12
Topli dnevi (Tmax >= 25): 23
Hladni dnevi (Tmin < 0): 0
Ledeni dnevi (Tmax < 0): 0