Vremenska postaja Krtina

46.1507 N| 14.658 E| 316 m | Prikaži na zemljevidu

Vreme na kratko
8,9°C 71% 1025 mbar 0,0 km/h 0,0 km/h 0,0 mm
-1,8°C/h 1%/h 0 mbar/h N/A ( N/A) N/A ( N/A) 0,0 mm/h

20. 10. 2020 22:50:00 CEST

Vremenska statistika za 09-2020

Vremenska postaja:Froggit WH4000
Programska oprema:weewx v3.9.2
WeeWX aktiven:139 d, 9 h, 14 min
Strežnik aktiven:139 d, 8 h, 58 min
                   MONTHLY CLIMATOLOGICAL SUMMARY for sep 2020


NAME: Krtina, Dob, Slovenija                  
ELEV: 316 m    LAT: 46-09.05 S    LONG: 14-39.48 V


                   TEMPERATURE (°C), RAIN (mm), WIND SPEED (km/h)

                                         HEAT   COOL         AVG
      MEAN                               DEG    DEG          WIND                   DOM
DAY   TEMP   HIGH   TIME    LOW   TIME   DAYS   DAYS   RAIN  SPEED   HIGH   TIME    DIR
---------------------------------------------------------------------------------------
 01   16,4   23,5  16:28   13,4  06:41    0,9    0,0    4,5    0,0    3,6  12:47    225
 02   16,6   23,4  16:27   12,0  04:43    0,8    0,0    0,0    0,1   11,2  15:12    209
 03   16,1   23,9  15:12   11,9  02:22    1,1    0,0    0,0    0,0    9,7  13:46    208
 04   17,1   26,9  15:46   10,1  05:58    0,5    0,0    0,3    0,0    5,0  15:43    225
 05   19,3   29,9  16:25   11,4  06:58    0,0    0,7    0,9    0,0    5,0  14:31    212
 06   19,8   27,5  13:55   13,0  06:40    0,0    1,0    1,2    0,3   12,2  10:58    207
 07   18,3   21,2  14:07   15,7  22:41    0,0    0,2    0,0    0,1    9,7  13:44    211
 08   18,0   25,3  15:41   13,4  04:49    0,0    0,0    0,0    0,1    8,6  13:53    203
 09   17,5   26,9  16:30   10,3  06:43    0,3    0,0    0,0    0,0    7,2  13:33    203
 10   19,1   27,8  16:05   13,1  05:27    0,0    0,6    0,0    0,0    8,6  16:05    197
 11   19,7   27,3  15:15   13,9  06:50    0,0    0,9    0,0    0,1    9,7  15:39    200
 12   19,7   28,8  15:09   12,8  06:44    0,0    0,9    0,0    0,1    8,6  12:51    205
 13   20,2   29,4  15:07   13,2  06:53    0,0    1,2    0,0    0,3   13,3  13:31    197
 14   20,1   29,1  15:08   14,1  06:40    0,0    1,2    0,0    0,1   11,2  13:14    201
 15   19,8   28,4  15:05   13,1  07:05    0,0    1,0    0,0    0,0    5,0  15:19    200
 16   19,6   27,2  14:09   14,3  07:15    0,0    0,9    0,0    0,0    9,7  13:02    204
 17   18,9   28,2  15:42   12,9  06:29    0,0    0,5    0,0    0,0   11,2  15:10    215
 18   17,4   22,4  15:17   13,5  23:57    0,3    0,0    0,0    0,1   11,2  16:12    206
 19   15,0   22,5  16:35    9,7  07:07    1,7    0,0    0,0    0,1    9,7  12:51    206
 20   14,7   24,6  16:14    7,6  06:54    1,8    0,0    0,0    0,0    2,5  15:16    135
 21   16,2   23,4  16:33   10,3  06:05    1,0    0,0    0,0    0,0    2,5  13:30     90
 22   17,0   23,5  14:47   14,1  05:20    0,5    0,0    6,9    0,0    1,1  00:06     90
 23   17,4   22,1  14:03   14,6  23:55    0,3    0,0    6,6    0,0    2,5  11:29     90
 24   17,5   24,0  16:31   13,5  05:35    0,3    0,0    0,3    0,0    7,2  15:06    178
 25   16,0   18,3  16:27   11,9  23:55    1,1    0,0   28,5    0,1    8,6  20:03    195
 26   10,4   15,9  16:19    7,5  05:35    4,2    0,0   16,2    0,0    2,5  03:14     90
 27   10,5   15,7  14:08    6,7  07:05    4,1    0,0    5,1    0,0    8,6  14:29    189
 28   10,5   12,4  15:40    9,5  11:06    4,2    0,0    9,6    0,0    1,1  01:20     90
 29   12,1   19,2  16:56    8,7  07:19    3,3    0,0    0,0    0,0    0,0  00:00     90
 30   12,5   22,1  16:33    7,8  03:32    3,0    0,0    0,3    0,0    2,5  16:27     90
---------------------------------------------------------------------------------------
      16,8   29,9     05    6,7     27   29,5    9,2   80,4    0,1   13,3     13    203
    
Tropske noči (Tmin >= 20): 0
Vroči dnevi (Tmax >= 30): 0
Topli dnevi (Tmax >= 25): 13
Hladni dnevi (Tmin < 0): 0
Ledeni dnevi (Tmax < 0): 0