Vremenska postaja Krtina

46.1507 N| 14.658 E| 316 m | Prikaži na zemljevidu

Vreme na kratko
4,8°C 71% 1020 mbar 0,0 km/h 0,0 km/h 0,0 mm
-0,5°C/h 1%/h -0 mbar/h N/A ( N/A) N/A ( N/A) 0,0 mm/h

20. 01. 2021 17:05:00 CET

Vremenska statistika za 10-2020

Vremenska postaja:Froggit WH4000
Programska oprema:weewx v3.9.2
WeeWX aktiven:43 d, 21 h, 41 min
Strežnik aktiven:43 d, 21 h, 41 min
                   MONTHLY CLIMATOLOGICAL SUMMARY for okt 2020


NAME: Krtina, Dob, Slovenija                  
ELEV: 316 m    LAT: 46-09.05 S    LONG: 14-39.48 V


                   TEMPERATURE (°C), RAIN (mm), WIND SPEED (km/h)

                                         HEAT   COOL         AVG
      MEAN                               DEG    DEG          WIND                   DOM
DAY   TEMP   HIGH   TIME    LOW   TIME   DAYS   DAYS   RAIN  SPEED   HIGH   TIME    DIR
---------------------------------------------------------------------------------------
 01   12,8   21,3  15:27    6,9  06:14    2,9    0,0    0,0    0,0    3,6  16:08     19
 02   14,9   19,8  15:52   11,4  07:06    1,7    0,0    0,3    0,0    3,6  17:34    145
 03   14,9   17,7  15:40   11,6  01:39    1,7    0,0   24,3    0,0    7,2  21:16    208
 04   14,0   17,9  16:31   11,0  23:56    2,2    0,0    3,3    0,0    5,0  16:44     12
 05   13,2   19,2  15:46   10,4  02:06    2,7    0,0   13,5    0,0    6,1  16:14    312
 06   13,1   20,3  15:22    9,5  05:24    2,7    0,0    0,0    0,0    9,7  15:16    215
 07   11,6   13,1  16:34    8,5  21:46    3,6    0,0   13,8    0,0    2,5  09:14     90
 08   11,0   18,9  16:14    8,1  23:50    3,9    0,0    0,3    0,0    2,5  12:27     90
 09   11,3   19,9  16:34    5,9  04:06    3,7    0,0    0,0    0,0    2,5  12:05    225
 10   12,9   20,5  15:57    9,8  02:18    2,8    0,0    0,0    0,0    1,1  11:14     90
 11    8,6   12,2  02:20    5,3  21:45    5,2    0,0   43,8    0,0    5,0  03:17    180
 12    6,9   10,0  15:55    5,0  00:59    6,1    0,0    0,0    0,0    1,1  10:13     90
 13    7,6   12,4  16:29    5,0  06:57    5,8    0,0    0,0    0,0    1,1  08:04     90
 14    9,4   17,2  15:21    4,3  07:34    4,8    0,0    0,0    0,0    6,1  17:33    209
 15    7,8    8,8  00:00    6,5  23:14    5,7    0,0   28,2    0,0    1,1  09:56     90
 16    8,7   12,5  13:56    6,5  00:00    5,2    0,0    0,6    0,0    1,1  01:47     90
 17    9,3   12,6  15:51    7,0  23:47    4,9    0,0    0,0    0,0    2,5  13:28     90
 18    9,2   16,5  14:52    6,3  02:44    4,9    0,0    0,0    0,0    1,1  01:28     90
 19    8,9   13,8  14:40    6,2  03:46    5,0    0,0    0,0    0,0    1,1  11:43     90
 20    9,4   16,3  14:13    5,9  06:32    4,8    0,0    0,0    0,0    3,6  21:14     90
 21   11,2   18,2  15:50    5,4  05:02    3,8    0,0    0,0    0,1   14,8  13:38    111
 22   13,3   19,3  14:13    8,6  08:26    2,6    0,0    0,0    0,1   14,8  12:45    158
 23   13,2   17,9  13:49    8,3  04:18    2,7    0,0    0,0    0,0    7,2  17:05    347
 24   14,4   16,5  15:44   12,6  23:57    2,0    0,0    4,8    0,0    5,0  18:09    196
 25   12,8   18,1  14:09   11,0  04:29    2,9    0,0    0,3    0,0    6,1  13:05    225
 26   13,7   16,9  12:52    9,6  23:29    2,4    0,0    0,0    0,0    6,1  09:57    138
 27   11,7   13,8  15:06    9,1  01:36    3,5    0,0    9,9    0,0    2,5  08:50     90
 28   10,6   17,3  14:21    5,7  23:53    4,1    0,0    0,0    0,0    1,1  03:07     90
 29    9,1   16,2  14:56    5,5  00:14    5,0    0,0    0,0    0,0    1,1  01:07     90
 30   11,0   17,3  13:51    7,2  00:00    3,9    0,0    0,0    0,0    1,1  11:28     90
 31   11,3   21,6  14:47    5,1  07:10    3,7    0,0    0,0    0,0    1,1  04:12     90
---------------------------------------------------------------------------------------
      11,2   21,6     31    4,3     14  116,8    0,0  143,1    0,0   14,8     21    162
    
Tropske noči (Tmin >= 20): 0
Vroči dnevi (Tmax >= 30): 0
Topli dnevi (Tmax >= 25): 0
Hladni dnevi (Tmin < 0): 0
Ledeni dnevi (Tmax < 0): 0